{"id":141,"date":"2019-04-11T10:44:53","date_gmt":"2019-04-11T08:44:53","guid":{"rendered":"https:\/\/www.gourmetclassic.de\/home\/?page_id=141"},"modified":"2024-01-30T14:55:05","modified_gmt":"2024-01-30T13:55:05","slug":"teutoburger-wald","status":"publish","type":"page","link":"https:\/\/www.gourmetclassic.de\/home\/regionen\/regionen-in-deutschland\/teutoburger-wald\/","title":{"rendered":"Teutoburger Wald"},"content":{"rendered":"<p><img loading=\"lazy\" decoding=\"async\" class=\"alignnone size-full wp-image-1811\" title=\"Teutoburger Wald - Externsteine\" src=\"https:\/\/www.gourmetclassic.de\/wp-content\/uploads\/2020\/06\/teutoburger-wald-externsteine.jpg\" alt=\"Teutoburger Wald - Externsteine\" width=\"1920\" height=\"800\" srcset=\"https:\/\/www.gourmetclassic.de\/wp-content\/uploads\/2020\/06\/teutoburger-wald-externsteine.jpg 1920w, https:\/\/www.gourmetclassic.de\/wp-content\/uploads\/2020\/06\/teutoburger-wald-externsteine-768x320.jpg 768w, https:\/\/www.gourmetclassic.de\/wp-content\/uploads\/2020\/06\/teutoburger-wald-externsteine-1536x640.jpg 1536w\" sizes=\"(max-width: 1920px) 100vw, 1920px\" \/><\/p>\n<p><img loading=\"lazy\" decoding=\"async\" class=\"size-full wp-image-1487 alignleft\" title=\"Teutoburger Wald\" src=\"https:\/\/www.gourmetclassic.de\/wp-content\/uploads\/2020\/05\/teutoburger-wald_400.png\" alt=\"Teutoburger Wald\" width=\"400\" height=\"400\" \/>Der Teutoburger Wald ist ein bis 446,4 m \u00fc. NHN hohes Mittelgebirge im Nieders\u00e4chsischen Bergland. Es liegt heute in Niedersachsen und Nordrhein-Westfalen und erstreckt sich vom Tecklenburger Land vorbei an Osnabr\u00fcck und Bielefeld bis nach Horn-Bad Meinberg im S\u00fcdosten. Bis ins 17. Jahrhundert trug der Gebirgszug mit dem s\u00fcd\u00f6stlich anschlie\u00dfenden Eggegebirge den Namen Osning.<\/p>\n<p>\u00dcberregional bekannt ist der Teutoburger Wald vor allem durch die Varusschlacht (auch Hermannsschlacht oder Schlacht im Teutoburger Wald genannt) zwischen R\u00f6mern und Germanen im Jahr 9 n. Chr. Zu den touristischen Anziehungspunkten geh\u00f6ren das Hermannsdenkmal sowie die Externsteine und die D\u00f6renther Klippen. H\u00f6chster Berg ist der Barnacken.<\/p>\n<p>Der Teutoburger Wald liegt im Nieders\u00e4chsischen Bergland als Teil des Unteren Weserberglands. Bis auf den Abschnitt im Landkreis Osnabr\u00fcck in Niedersachsen geh\u00f6rt er zu Nordrhein-Westfalen. Er erstreckt sich auf rund 105 km L\u00e4nge vom im Tecklenburger Land gelegenen H\u00f6rstel im Nordwesten, s\u00fcdlich an Ibbenb\u00fcren und Osnabr\u00fcck vorbei, durch Ostwestfalen bei G\u00fctersloh, durch das Bielefelder Stadtgebiet und im Kreis Lippe vorbei an Oerlinghausen und Detmold bis nach Horn-Bad Meinberg im S\u00fcdosten.<\/p>\n<p>Bei Horn-Bad Meinberg liegt die Nahtstelle zum s\u00fcdw\u00e4rts gerichteten Eggegebirge: Sie befindet sich direkt s\u00fcd\u00f6stlich des Kniebergs (365,1 m) an der Silberm\u00fchle (249,1 m) bzw. am Silberbach, der von Veldrom nordnordostw\u00e4rts nach Leopoldstal flie\u00dft; neben dem s\u00fcdlich des Kniebergs aber noch westlich des Bachtals gelegenen Buchenberg (ca. 385 m) geh\u00f6rt der Knieberg zu den s\u00fcd\u00f6stlichen Bergen des Teutoburger Waldes. S\u00fcd\u00f6stlich des Tals liegt die Nordflanke der Lippischen Velmerstot (441,4 m) mit dem jenseits bzw. s\u00fcdlich davon gelegenen Preu\u00dfischen Velmerstot (ca. 464 m) im \u00e4u\u00dfersten Norden des Eggegebirges. S\u00fcdwestlich der Gebirgsnahtstelle liegt die Senne als sandiges s\u00fcdwestliches Vorland des s\u00fcd\u00f6stlichen Teutoburger Waldes und als westliches Vorland des n\u00f6rdlichen Eggegebirges.<\/p>\n<p>Als Faltengebirge ragt der Teutoburger Wald zusammen mit dem n\u00f6rdlich gelegenen Wiehengebirge weit in die Norddeutsche Tiefebene hinein. S\u00fcdwestlich des Mittelgebirges liegt die Westf\u00e4lische Bucht, \u00f6stlich das Lipper Bergland.<\/p>\n<p>Die h\u00f6chsten Erhebungen des Teutoburger Waldes befinden sich mit dem Barnacken (446,4 m), als h\u00f6chstem Berg des Gebirges, in seinem S\u00fcdostteil. In Richtung Nordwesten f\u00e4llt das bewaldete Gebirge nahezu kontinuierlich ab, bis es s\u00fcds\u00fcd\u00f6stlich von H\u00f6rstel am Huckberg (95,2 m) seine niedrigste Stelle erreicht. (Quelle: <a href=\"https:\/\/de.wikipedia.org\/wiki\/Teutoburger_Wald\" target=\"_blank\" rel=\"noopener noreferrer\">Wikipedia<\/a>)<\/p>\n<div id=\"footable_parent_3874\"\n         class=\" footable_parent ninja_table_wrapper loading_ninja_table wp_table_data_press_parent semantic_ui \">\n                <table data-ninja_table_instance=\"ninja_table_instance_0\" data-footable_id=\"3874\" data-filter-delay=\"1000\" aria-label=\"Rest-DE-kopie\"            id=\"footable_3874\"\n           data-unique_identifier=\"ninja_table_unique_id_3548016343_3874\"\n           class=\" foo-table ninja_footable foo_table_3874 ninja_table_unique_id_3548016343_3874 ui table  ninja_has_count_format ninja_search_right nt_type_ajax_table selectable striped vertical_centered  footable-paging-right ninja_table_pro ninja_table_afd_columns ninja_table_afcs_columns_2 ninja_table_afcl_new_line ninja_table_has_custom_filter\">\n                <colgroup>\n                            <col class=\"ninja_column_0 \">\n                            <col class=\"ninja_column_1 \">\n                            <col class=\"ninja_column_2 \">\n                            <col class=\"ninja_column_3 \">\n                            <col class=\"ninja_column_4 \">\n                            <col class=\"ninja_column_5 \">\n                            <col class=\"ninja_column_6 \">\n                            <col class=\"ninja_column_7 xs sm md lg\">\n                            <col class=\"ninja_column_8 \">\n                            <col class=\"ninja_column_9 xs sm md lg\">\n                            <col class=\"ninja_column_10 \">\n                            <col class=\"ninja_column_11 \">\n                            <col class=\"ninja_column_12 xs sm md lg\">\n                            <col class=\"ninja_column_13 xs sm md lg\">\n                    <\/colgroup>\n            <\/table>\n    \n    \n    \n<\/div>\n\n<p>&nbsp;<\/p>\n","protected":false},"excerpt":{"rendered":"<p>Der Teutoburger Wald ist ein bis 446,4 m \u00fc. NHN hohes Mittelgebirge im Nieders\u00e4chsischen Bergland. Es liegt heute in Niedersachsen<\/p>\n","protected":false},"author":1,"featured_media":0,"parent":151,"menu_order":0,"comment_status":"closed","ping_status":"closed","template":"","meta":{"footnotes":""},"class_list":["post-141","page","type-page","status-publish","hentry"],"yoast_head":"<!-- This site is optimized with the Yoast SEO plugin v25.6 - https:\/\/yoast.com\/wordpress\/plugins\/seo\/ -->\n<title>Teutoburger Wald - Gourmet Classic<\/title>\n<meta name=\"robots\" content=\"index, follow, max-snippet:-1, max-image-preview:large, max-video-preview:-1\" \/>\n<link rel=\"canonical\" href=\"https:\/\/www.gourmetclassic.de\/home\/regionen\/regionen-in-deutschland\/teutoburger-wald\/\" \/>\n<meta property=\"og:locale\" content=\"de_DE\" \/>\n<meta property=\"og:type\" content=\"article\" \/>\n<meta property=\"og:title\" content=\"Teutoburger Wald - Gourmet Classic\" \/>\n<meta property=\"og:description\" content=\"Der Teutoburger Wald ist ein bis 446,4 m \u00fc. NHN hohes Mittelgebirge im Nieders\u00e4chsischen Bergland. Es liegt heute in Niedersachsen\" \/>\n<meta property=\"og:url\" content=\"https:\/\/www.gourmetclassic.de\/home\/regionen\/regionen-in-deutschland\/teutoburger-wald\/\" \/>\n<meta property=\"og:site_name\" content=\"Gourmet Classic\" \/>\n<meta property=\"article:modified_time\" content=\"2024-01-30T13:55:05+00:00\" \/>\n<meta property=\"og:image\" content=\"https:\/\/www.gourmetclassic.de\/wp-content\/uploads\/2020\/06\/teutoburger-wald-externsteine.jpg\" \/>\n<meta name=\"twitter:card\" content=\"summary_large_image\" \/>\n<meta name=\"twitter:label1\" content=\"Gesch\u00e4tzte Lesezeit\" \/>\n\t<meta name=\"twitter:data1\" content=\"3\u00a0Minuten\" \/>\n<script type=\"application\/ld+json\" class=\"yoast-schema-graph\">{\"@context\":\"https:\/\/schema.org\",\"@graph\":[{\"@type\":\"WebPage\",\"@id\":\"https:\/\/www.gourmetclassic.de\/home\/regionen\/regionen-in-deutschland\/teutoburger-wald\/\",\"url\":\"https:\/\/www.gourmetclassic.de\/home\/regionen\/regionen-in-deutschland\/teutoburger-wald\/\",\"name\":\"Teutoburger Wald - Gourmet Classic\",\"isPartOf\":{\"@id\":\"https:\/\/www.gourmetclassic.de\/home\/#website\"},\"primaryImageOfPage\":{\"@id\":\"https:\/\/www.gourmetclassic.de\/home\/regionen\/regionen-in-deutschland\/teutoburger-wald\/#primaryimage\"},\"image\":{\"@id\":\"https:\/\/www.gourmetclassic.de\/home\/regionen\/regionen-in-deutschland\/teutoburger-wald\/#primaryimage\"},\"thumbnailUrl\":\"https:\/\/www.gourmetclassic.de\/wp-content\/uploads\/2020\/06\/teutoburger-wald-externsteine.jpg\",\"datePublished\":\"2019-04-11T08:44:53+00:00\",\"dateModified\":\"2024-01-30T13:55:05+00:00\",\"breadcrumb\":{\"@id\":\"https:\/\/www.gourmetclassic.de\/home\/regionen\/regionen-in-deutschland\/teutoburger-wald\/#breadcrumb\"},\"inLanguage\":\"de\",\"potentialAction\":[{\"@type\":\"ReadAction\",\"target\":[\"https:\/\/www.gourmetclassic.de\/home\/regionen\/regionen-in-deutschland\/teutoburger-wald\/\"]}]},{\"@type\":\"ImageObject\",\"inLanguage\":\"de\",\"@id\":\"https:\/\/www.gourmetclassic.de\/home\/regionen\/regionen-in-deutschland\/teutoburger-wald\/#primaryimage\",\"url\":\"https:\/\/www.gourmetclassic.de\/wp-content\/uploads\/2020\/06\/teutoburger-wald-externsteine.jpg\",\"contentUrl\":\"https:\/\/www.gourmetclassic.de\/wp-content\/uploads\/2020\/06\/teutoburger-wald-externsteine.jpg\"},{\"@type\":\"BreadcrumbList\",\"@id\":\"https:\/\/www.gourmetclassic.de\/home\/regionen\/regionen-in-deutschland\/teutoburger-wald\/#breadcrumb\",\"itemListElement\":[{\"@type\":\"ListItem\",\"position\":1,\"name\":\"Startseite\",\"item\":\"https:\/\/www.gourmetclassic.de\/home\/\"},{\"@type\":\"ListItem\",\"position\":2,\"name\":\"Suche nach Restaurants\/Hotels in Regionen\",\"item\":\"https:\/\/www.gourmetclassic.de\/home\/regionen\/\"},{\"@type\":\"ListItem\",\"position\":3,\"name\":\"Regionen in Deutschland\",\"item\":\"https:\/\/www.gourmetclassic.de\/home\/regionen\/regionen-in-deutschland\/\"},{\"@type\":\"ListItem\",\"position\":4,\"name\":\"Teutoburger Wald\"}]},{\"@type\":\"WebSite\",\"@id\":\"https:\/\/www.gourmetclassic.de\/home\/#website\",\"url\":\"https:\/\/www.gourmetclassic.de\/home\/\",\"name\":\"Gourmet Classic\",\"description\":\"Portal der gehobenen Gastlichkeit\",\"publisher\":{\"@id\":\"https:\/\/www.gourmetclassic.de\/home\/#organization\"},\"potentialAction\":[{\"@type\":\"SearchAction\",\"target\":{\"@type\":\"EntryPoint\",\"urlTemplate\":\"https:\/\/www.gourmetclassic.de\/home\/?s={search_term_string}\"},\"query-input\":{\"@type\":\"PropertyValueSpecification\",\"valueRequired\":true,\"valueName\":\"search_term_string\"}}],\"inLanguage\":\"de\"},{\"@type\":\"Organization\",\"@id\":\"https:\/\/www.gourmetclassic.de\/home\/#organization\",\"name\":\"Gourmet Classic\",\"url\":\"https:\/\/www.gourmetclassic.de\/home\/\",\"logo\":{\"@type\":\"ImageObject\",\"inLanguage\":\"de\",\"@id\":\"https:\/\/www.gourmetclassic.de\/home\/#\/schema\/logo\/image\/\",\"url\":\"https:\/\/www.gourmetclassic.de\/wp-content\/uploads\/2019\/04\/gourmet-classic-logo.jpg\",\"contentUrl\":\"https:\/\/www.gourmetclassic.de\/wp-content\/uploads\/2019\/04\/gourmet-classic-logo.jpg\",\"width\":253,\"height\":123,\"caption\":\"Gourmet Classic\"},\"image\":{\"@id\":\"https:\/\/www.gourmetclassic.de\/home\/#\/schema\/logo\/image\/\"}}]}<\/script>\n<!-- \/ Yoast SEO plugin. -->","yoast_head_json":{"title":"Teutoburger Wald - Gourmet Classic","robots":{"index":"index","follow":"follow","max-snippet":"max-snippet:-1","max-image-preview":"max-image-preview:large","max-video-preview":"max-video-preview:-1"},"canonical":"https:\/\/www.gourmetclassic.de\/home\/regionen\/regionen-in-deutschland\/teutoburger-wald\/","og_locale":"de_DE","og_type":"article","og_title":"Teutoburger Wald - Gourmet Classic","og_description":"Der Teutoburger Wald ist ein bis 446,4 m \u00fc. NHN hohes Mittelgebirge im Nieders\u00e4chsischen Bergland. Es liegt heute in Niedersachsen","og_url":"https:\/\/www.gourmetclassic.de\/home\/regionen\/regionen-in-deutschland\/teutoburger-wald\/","og_site_name":"Gourmet Classic","article_modified_time":"2024-01-30T13:55:05+00:00","og_image":[{"url":"https:\/\/www.gourmetclassic.de\/wp-content\/uploads\/2020\/06\/teutoburger-wald-externsteine.jpg","type":"","width":"","height":""}],"twitter_card":"summary_large_image","twitter_misc":{"Gesch\u00e4tzte Lesezeit":"3\u00a0Minuten"},"schema":{"@context":"https:\/\/schema.org","@graph":[{"@type":"WebPage","@id":"https:\/\/www.gourmetclassic.de\/home\/regionen\/regionen-in-deutschland\/teutoburger-wald\/","url":"https:\/\/www.gourmetclassic.de\/home\/regionen\/regionen-in-deutschland\/teutoburger-wald\/","name":"Teutoburger Wald - Gourmet Classic","isPartOf":{"@id":"https:\/\/www.gourmetclassic.de\/home\/#website"},"primaryImageOfPage":{"@id":"https:\/\/www.gourmetclassic.de\/home\/regionen\/regionen-in-deutschland\/teutoburger-wald\/#primaryimage"},"image":{"@id":"https:\/\/www.gourmetclassic.de\/home\/regionen\/regionen-in-deutschland\/teutoburger-wald\/#primaryimage"},"thumbnailUrl":"https:\/\/www.gourmetclassic.de\/wp-content\/uploads\/2020\/06\/teutoburger-wald-externsteine.jpg","datePublished":"2019-04-11T08:44:53+00:00","dateModified":"2024-01-30T13:55:05+00:00","breadcrumb":{"@id":"https:\/\/www.gourmetclassic.de\/home\/regionen\/regionen-in-deutschland\/teutoburger-wald\/#breadcrumb"},"inLanguage":"de","potentialAction":[{"@type":"ReadAction","target":["https:\/\/www.gourmetclassic.de\/home\/regionen\/regionen-in-deutschland\/teutoburger-wald\/"]}]},{"@type":"ImageObject","inLanguage":"de","@id":"https:\/\/www.gourmetclassic.de\/home\/regionen\/regionen-in-deutschland\/teutoburger-wald\/#primaryimage","url":"https:\/\/www.gourmetclassic.de\/wp-content\/uploads\/2020\/06\/teutoburger-wald-externsteine.jpg","contentUrl":"https:\/\/www.gourmetclassic.de\/wp-content\/uploads\/2020\/06\/teutoburger-wald-externsteine.jpg"},{"@type":"BreadcrumbList","@id":"https:\/\/www.gourmetclassic.de\/home\/regionen\/regionen-in-deutschland\/teutoburger-wald\/#breadcrumb","itemListElement":[{"@type":"ListItem","position":1,"name":"Startseite","item":"https:\/\/www.gourmetclassic.de\/home\/"},{"@type":"ListItem","position":2,"name":"Suche nach Restaurants\/Hotels in Regionen","item":"https:\/\/www.gourmetclassic.de\/home\/regionen\/"},{"@type":"ListItem","position":3,"name":"Regionen in Deutschland","item":"https:\/\/www.gourmetclassic.de\/home\/regionen\/regionen-in-deutschland\/"},{"@type":"ListItem","position":4,"name":"Teutoburger Wald"}]},{"@type":"WebSite","@id":"https:\/\/www.gourmetclassic.de\/home\/#website","url":"https:\/\/www.gourmetclassic.de\/home\/","name":"Gourmet Classic","description":"Portal der gehobenen Gastlichkeit","publisher":{"@id":"https:\/\/www.gourmetclassic.de\/home\/#organization"},"potentialAction":[{"@type":"SearchAction","target":{"@type":"EntryPoint","urlTemplate":"https:\/\/www.gourmetclassic.de\/home\/?s={search_term_string}"},"query-input":{"@type":"PropertyValueSpecification","valueRequired":true,"valueName":"search_term_string"}}],"inLanguage":"de"},{"@type":"Organization","@id":"https:\/\/www.gourmetclassic.de\/home\/#organization","name":"Gourmet Classic","url":"https:\/\/www.gourmetclassic.de\/home\/","logo":{"@type":"ImageObject","inLanguage":"de","@id":"https:\/\/www.gourmetclassic.de\/home\/#\/schema\/logo\/image\/","url":"https:\/\/www.gourmetclassic.de\/wp-content\/uploads\/2019\/04\/gourmet-classic-logo.jpg","contentUrl":"https:\/\/www.gourmetclassic.de\/wp-content\/uploads\/2019\/04\/gourmet-classic-logo.jpg","width":253,"height":123,"caption":"Gourmet Classic"},"image":{"@id":"https:\/\/www.gourmetclassic.de\/home\/#\/schema\/logo\/image\/"}}]}},"_links":{"self":[{"href":"https:\/\/www.gourmetclassic.de\/home\/wp-json\/wp\/v2\/pages\/141"}],"collection":[{"href":"https:\/\/www.gourmetclassic.de\/home\/wp-json\/wp\/v2\/pages"}],"about":[{"href":"https:\/\/www.gourmetclassic.de\/home\/wp-json\/wp\/v2\/types\/page"}],"author":[{"embeddable":true,"href":"https:\/\/www.gourmetclassic.de\/home\/wp-json\/wp\/v2\/users\/1"}],"replies":[{"embeddable":true,"href":"https:\/\/www.gourmetclassic.de\/home\/wp-json\/wp\/v2\/comments?post=141"}],"version-history":[{"count":6,"href":"https:\/\/www.gourmetclassic.de\/home\/wp-json\/wp\/v2\/pages\/141\/revisions"}],"predecessor-version":[{"id":4557,"href":"https:\/\/www.gourmetclassic.de\/home\/wp-json\/wp\/v2\/pages\/141\/revisions\/4557"}],"up":[{"embeddable":true,"href":"https:\/\/www.gourmetclassic.de\/home\/wp-json\/wp\/v2\/pages\/151"}],"wp:attachment":[{"href":"https:\/\/www.gourmetclassic.de\/home\/wp-json\/wp\/v2\/media?parent=141"}],"curies":[{"name":"wp","href":"https:\/\/api.w.org\/{rel}","templated":true}]}}