{"id":1816,"date":"2020-06-01T15:44:26","date_gmt":"2020-06-01T13:44:26","guid":{"rendered":"https:\/\/www.gourmetclassic.de\/home\/?page_id=1816"},"modified":"2024-01-30T14:42:57","modified_gmt":"2024-01-30T13:42:57","slug":"insel-usedom","status":"publish","type":"page","link":"https:\/\/www.gourmetclassic.de\/home\/regionen\/regionen-in-deutschland\/insel-usedom\/","title":{"rendered":"Insel Usedom"},"content":{"rendered":"<p><img loading=\"lazy\" decoding=\"async\" class=\"alignnone size-full wp-image-1815\" title=\"Insel Usedom - Seebr\u00fccke Heringsdorf\" src=\"https:\/\/www.gourmetclassic.de\/wp-content\/uploads\/2020\/06\/usedom-heringsdorf.jpg\" alt=\"Insel Usedom - Seebr\u00fccke Heringsdorf\" width=\"1920\" height=\"800\" srcset=\"https:\/\/www.gourmetclassic.de\/wp-content\/uploads\/2020\/06\/usedom-heringsdorf.jpg 1920w, https:\/\/www.gourmetclassic.de\/wp-content\/uploads\/2020\/06\/usedom-heringsdorf-768x320.jpg 768w, https:\/\/www.gourmetclassic.de\/wp-content\/uploads\/2020\/06\/usedom-heringsdorf-1536x640.jpg 1536w\" sizes=\"(max-width: 1920px) 100vw, 1920px\" \/><\/p>\n<p><img loading=\"lazy\" decoding=\"async\" class=\"size-full wp-image-1488 alignleft\" title=\"Insel Usedom\" src=\"https:\/\/www.gourmetclassic.de\/wp-content\/uploads\/2020\/05\/usedom_400.png\" alt=\"Insel Usedom\" width=\"400\" height=\"400\" \/>Usedom ist eine in der Pommerschen Bucht der s\u00fcdlichen Ostsee gelegene Insel, die gr\u00f6\u00dftenteils zu Deutschland und zu einem kleinen Teil zu Polen geh\u00f6rt. Durch den Peenestrom und das Stettiner Haff ist sie vom Festland getrennt und durch die \u015awina (Swine) von der Nachbarinsel Wolin. Nach R\u00fcgen ist Usedom die zweitgr\u00f6\u00dfte deutsche Insel. Bis 1945 geh\u00f6rte sie zur preu\u00dfischen Provinz Pommern.<\/p>\n<p>Heute geh\u00f6rt der gr\u00f6\u00dfere deutsche Teil zum Land Mecklenburg-Vorpommern und ist Teil des Landkreises Vorpommern-Greifswald. Im \u00f6stlichen \u2013 heute polnischen \u2013 Teil liegt die zur Woiwodschaft Westpommern geh\u00f6rende Hafenstadt \u015awinouj\u015bcie (Swinem\u00fcnde), in der allein schon mehr als die H\u00e4lfte der 76.500 Einwohner (Stand: 2014) z\u00e4hlenden Gesamtinselbev\u00f6lkerung lebt. Die gr\u00f6\u00dften Orte auf deutscher Seite sind Heringsdorf im Osten und Zinnowitz im Westen der Insel.<\/p>\n<p>Mit durchschnittlich 1906 Sonnenstunden im Jahr ist Usedom regelm\u00e4\u00dfig die sonnenreichste Gegend Deutschlands und der Ostsee, weshalb sie durch das Tourismusmarketing auch als Sonneninsel beworben wird. Der bis zu 70 m breite feine Sandstrand der Usedomer Ostseek\u00fcste erstreckt sich mit 42 km L\u00e4nge von Peenem\u00fcnde im Nordwesten bis nach \u015awinouj\u015bcie im Osten der Insel. Mit 4,9 Millionen \u00dcbernachtungen (2014) ist Usedom nach R\u00fcgen die zweitbeliebteste deutsche Urlaubsinsel. Als problematisch f\u00fcr Bewohner und Urlauber gilt die Verkehrssituation auf Usedom, vor allem aufgrund h\u00e4ufiger Staus und fehlender schneller Alternativen im Bereich der Bahn-, Bus-, F\u00e4hr- und Flugverbindungen. Der Flughafen Heringsdorf bei Zirchow bietet Linien- und Charterfl\u00fcge auf die Insel. Zwischen den Seebr\u00fccken und zu weiteren Zielen verkehren regelm\u00e4\u00dfig F\u00e4hrschiffe.<\/p>\n<p>Der Name der Insel ist von der Stadt Usedom abgeleitet. Ab etwa 1850 und besonders im letzten Viertel des 19. Jahrhunderts bl\u00fchten auf der Insel zahlreiche Seeb\u00e4der auf, die vor allem G\u00e4ste aus den Metropolen wie Berlin und Stettin anzogen. Seitdem ist Usedom stark durch den Tourismus gepr\u00e4gt, seit dem Wendejahr 1990 auch zunehmend durch internationalen. Zeugnisse dieser Zeit sind zahlreiche Villen in Stilen der B\u00e4derarchitektur, traditionell gebaute Reeth\u00e4user, Fischerkaten sowie die Seebr\u00fccke Ahlbeck.<\/p>\n<p>Touristische Zentren der Insel sind im Nordwesten Karlshagen, Trassenheide und Zinnowitz, im Mittelteil der Insel die Bernsteinb\u00e4der Koserow, Loddin, \u00dcckeritz und Zempin und im Osten die Kaiserb\u00e4der Bansin, Heringsdorf und Ahlbeck sowie \u015awinouj\u015bcie. Die Europa-Promenade, die l\u00e4ngste Strandpromenade Europas, erstreckt sich \u00fcber eine L\u00e4nge von \u00fcber zw\u00f6lf Kilometern von Bansin bis \u015awinouj\u015bcie und soll bis zur Swine verl\u00e4ngert werden. (Quelle: <a href=\"https:\/\/de.wikipedia.org\/wiki\/Usedom\" target=\"_blank\" rel=\"noopener noreferrer\">Wikipedia<\/a>)<\/p>\n<div id=\"footable_parent_3874\"\n         class=\" footable_parent ninja_table_wrapper loading_ninja_table wp_table_data_press_parent semantic_ui \">\n                <table data-ninja_table_instance=\"ninja_table_instance_0\" data-footable_id=\"3874\" data-filter-delay=\"1000\" aria-label=\"Rest-DE-kopie\"            id=\"footable_3874\"\n           data-unique_identifier=\"ninja_table_unique_id_2825760395_3874\"\n           class=\" foo-table ninja_footable foo_table_3874 ninja_table_unique_id_2825760395_3874 ui table  ninja_has_count_format ninja_search_right nt_type_ajax_table selectable striped vertical_centered  footable-paging-right ninja_table_pro ninja_table_afd_columns ninja_table_afcs_columns_2 ninja_table_afcl_new_line ninja_table_has_custom_filter\">\n                <colgroup>\n                            <col class=\"ninja_column_0 \">\n                            <col class=\"ninja_column_1 \">\n                            <col class=\"ninja_column_2 \">\n                            <col class=\"ninja_column_3 \">\n                            <col class=\"ninja_column_4 \">\n                            <col class=\"ninja_column_5 \">\n                            <col class=\"ninja_column_6 \">\n                            <col class=\"ninja_column_7 xs sm md lg\">\n                            <col class=\"ninja_column_8 \">\n                            <col class=\"ninja_column_9 xs sm md lg\">\n                            <col class=\"ninja_column_10 \">\n                            <col class=\"ninja_column_11 \">\n                            <col class=\"ninja_column_12 xs sm md lg\">\n                            <col class=\"ninja_column_13 xs sm md lg\">\n                    <\/colgroup>\n            <\/table>\n    \n    \n    \n<\/div>\n\n","protected":false},"excerpt":{"rendered":"<p>Usedom ist eine in der Pommerschen Bucht der s\u00fcdlichen Ostsee gelegene Insel, die gr\u00f6\u00dftenteils zu Deutschland und zu einem kleinen<\/p>\n","protected":false},"author":1,"featured_media":0,"parent":151,"menu_order":0,"comment_status":"closed","ping_status":"closed","template":"","meta":{"footnotes":""},"class_list":["post-1816","page","type-page","status-publish","hentry"],"yoast_head":"<!-- This site is optimized with the Yoast SEO plugin v25.6 - https:\/\/yoast.com\/wordpress\/plugins\/seo\/ -->\n<title>Insel Usedom - Gourmet Classic<\/title>\n<meta name=\"robots\" content=\"index, follow, max-snippet:-1, max-image-preview:large, max-video-preview:-1\" \/>\n<link rel=\"canonical\" href=\"https:\/\/www.gourmetclassic.de\/home\/regionen\/regionen-in-deutschland\/insel-usedom\/\" \/>\n<meta property=\"og:locale\" content=\"de_DE\" \/>\n<meta property=\"og:type\" content=\"article\" \/>\n<meta property=\"og:title\" content=\"Insel Usedom - Gourmet Classic\" \/>\n<meta property=\"og:description\" content=\"Usedom ist eine in der Pommerschen Bucht der s\u00fcdlichen Ostsee gelegene Insel, die gr\u00f6\u00dftenteils zu Deutschland und zu einem kleinen\" \/>\n<meta property=\"og:url\" content=\"https:\/\/www.gourmetclassic.de\/home\/regionen\/regionen-in-deutschland\/insel-usedom\/\" \/>\n<meta property=\"og:site_name\" content=\"Gourmet Classic\" \/>\n<meta property=\"article:modified_time\" content=\"2024-01-30T13:42:57+00:00\" \/>\n<meta property=\"og:image\" content=\"https:\/\/www.gourmetclassic.de\/wp-content\/uploads\/2020\/06\/usedom-heringsdorf.jpg\" \/>\n<meta name=\"twitter:card\" content=\"summary_large_image\" \/>\n<meta name=\"twitter:label1\" content=\"Gesch\u00e4tzte Lesezeit\" \/>\n\t<meta name=\"twitter:data1\" content=\"3\u00a0Minuten\" \/>\n<script type=\"application\/ld+json\" class=\"yoast-schema-graph\">{\"@context\":\"https:\/\/schema.org\",\"@graph\":[{\"@type\":\"WebPage\",\"@id\":\"https:\/\/www.gourmetclassic.de\/home\/regionen\/regionen-in-deutschland\/insel-usedom\/\",\"url\":\"https:\/\/www.gourmetclassic.de\/home\/regionen\/regionen-in-deutschland\/insel-usedom\/\",\"name\":\"Insel Usedom - Gourmet Classic\",\"isPartOf\":{\"@id\":\"https:\/\/www.gourmetclassic.de\/home\/#website\"},\"primaryImageOfPage\":{\"@id\":\"https:\/\/www.gourmetclassic.de\/home\/regionen\/regionen-in-deutschland\/insel-usedom\/#primaryimage\"},\"image\":{\"@id\":\"https:\/\/www.gourmetclassic.de\/home\/regionen\/regionen-in-deutschland\/insel-usedom\/#primaryimage\"},\"thumbnailUrl\":\"https:\/\/www.gourmetclassic.de\/wp-content\/uploads\/2020\/06\/usedom-heringsdorf.jpg\",\"datePublished\":\"2020-06-01T13:44:26+00:00\",\"dateModified\":\"2024-01-30T13:42:57+00:00\",\"breadcrumb\":{\"@id\":\"https:\/\/www.gourmetclassic.de\/home\/regionen\/regionen-in-deutschland\/insel-usedom\/#breadcrumb\"},\"inLanguage\":\"de\",\"potentialAction\":[{\"@type\":\"ReadAction\",\"target\":[\"https:\/\/www.gourmetclassic.de\/home\/regionen\/regionen-in-deutschland\/insel-usedom\/\"]}]},{\"@type\":\"ImageObject\",\"inLanguage\":\"de\",\"@id\":\"https:\/\/www.gourmetclassic.de\/home\/regionen\/regionen-in-deutschland\/insel-usedom\/#primaryimage\",\"url\":\"https:\/\/www.gourmetclassic.de\/wp-content\/uploads\/2020\/06\/usedom-heringsdorf.jpg\",\"contentUrl\":\"https:\/\/www.gourmetclassic.de\/wp-content\/uploads\/2020\/06\/usedom-heringsdorf.jpg\"},{\"@type\":\"BreadcrumbList\",\"@id\":\"https:\/\/www.gourmetclassic.de\/home\/regionen\/regionen-in-deutschland\/insel-usedom\/#breadcrumb\",\"itemListElement\":[{\"@type\":\"ListItem\",\"position\":1,\"name\":\"Startseite\",\"item\":\"https:\/\/www.gourmetclassic.de\/home\/\"},{\"@type\":\"ListItem\",\"position\":2,\"name\":\"Suche nach Restaurants\/Hotels in Regionen\",\"item\":\"https:\/\/www.gourmetclassic.de\/home\/regionen\/\"},{\"@type\":\"ListItem\",\"position\":3,\"name\":\"Regionen in Deutschland\",\"item\":\"https:\/\/www.gourmetclassic.de\/home\/regionen\/regionen-in-deutschland\/\"},{\"@type\":\"ListItem\",\"position\":4,\"name\":\"Insel Usedom\"}]},{\"@type\":\"WebSite\",\"@id\":\"https:\/\/www.gourmetclassic.de\/home\/#website\",\"url\":\"https:\/\/www.gourmetclassic.de\/home\/\",\"name\":\"Gourmet Classic\",\"description\":\"Portal der gehobenen Gastlichkeit\",\"publisher\":{\"@id\":\"https:\/\/www.gourmetclassic.de\/home\/#organization\"},\"potentialAction\":[{\"@type\":\"SearchAction\",\"target\":{\"@type\":\"EntryPoint\",\"urlTemplate\":\"https:\/\/www.gourmetclassic.de\/home\/?s={search_term_string}\"},\"query-input\":{\"@type\":\"PropertyValueSpecification\",\"valueRequired\":true,\"valueName\":\"search_term_string\"}}],\"inLanguage\":\"de\"},{\"@type\":\"Organization\",\"@id\":\"https:\/\/www.gourmetclassic.de\/home\/#organization\",\"name\":\"Gourmet Classic\",\"url\":\"https:\/\/www.gourmetclassic.de\/home\/\",\"logo\":{\"@type\":\"ImageObject\",\"inLanguage\":\"de\",\"@id\":\"https:\/\/www.gourmetclassic.de\/home\/#\/schema\/logo\/image\/\",\"url\":\"https:\/\/www.gourmetclassic.de\/wp-content\/uploads\/2019\/04\/gourmet-classic-logo.jpg\",\"contentUrl\":\"https:\/\/www.gourmetclassic.de\/wp-content\/uploads\/2019\/04\/gourmet-classic-logo.jpg\",\"width\":253,\"height\":123,\"caption\":\"Gourmet Classic\"},\"image\":{\"@id\":\"https:\/\/www.gourmetclassic.de\/home\/#\/schema\/logo\/image\/\"}}]}<\/script>\n<!-- \/ Yoast SEO plugin. -->","yoast_head_json":{"title":"Insel Usedom - Gourmet Classic","robots":{"index":"index","follow":"follow","max-snippet":"max-snippet:-1","max-image-preview":"max-image-preview:large","max-video-preview":"max-video-preview:-1"},"canonical":"https:\/\/www.gourmetclassic.de\/home\/regionen\/regionen-in-deutschland\/insel-usedom\/","og_locale":"de_DE","og_type":"article","og_title":"Insel Usedom - Gourmet Classic","og_description":"Usedom ist eine in der Pommerschen Bucht der s\u00fcdlichen Ostsee gelegene Insel, die gr\u00f6\u00dftenteils zu Deutschland und zu einem kleinen","og_url":"https:\/\/www.gourmetclassic.de\/home\/regionen\/regionen-in-deutschland\/insel-usedom\/","og_site_name":"Gourmet Classic","article_modified_time":"2024-01-30T13:42:57+00:00","og_image":[{"url":"https:\/\/www.gourmetclassic.de\/wp-content\/uploads\/2020\/06\/usedom-heringsdorf.jpg","type":"","width":"","height":""}],"twitter_card":"summary_large_image","twitter_misc":{"Gesch\u00e4tzte Lesezeit":"3\u00a0Minuten"},"schema":{"@context":"https:\/\/schema.org","@graph":[{"@type":"WebPage","@id":"https:\/\/www.gourmetclassic.de\/home\/regionen\/regionen-in-deutschland\/insel-usedom\/","url":"https:\/\/www.gourmetclassic.de\/home\/regionen\/regionen-in-deutschland\/insel-usedom\/","name":"Insel Usedom - Gourmet Classic","isPartOf":{"@id":"https:\/\/www.gourmetclassic.de\/home\/#website"},"primaryImageOfPage":{"@id":"https:\/\/www.gourmetclassic.de\/home\/regionen\/regionen-in-deutschland\/insel-usedom\/#primaryimage"},"image":{"@id":"https:\/\/www.gourmetclassic.de\/home\/regionen\/regionen-in-deutschland\/insel-usedom\/#primaryimage"},"thumbnailUrl":"https:\/\/www.gourmetclassic.de\/wp-content\/uploads\/2020\/06\/usedom-heringsdorf.jpg","datePublished":"2020-06-01T13:44:26+00:00","dateModified":"2024-01-30T13:42:57+00:00","breadcrumb":{"@id":"https:\/\/www.gourmetclassic.de\/home\/regionen\/regionen-in-deutschland\/insel-usedom\/#breadcrumb"},"inLanguage":"de","potentialAction":[{"@type":"ReadAction","target":["https:\/\/www.gourmetclassic.de\/home\/regionen\/regionen-in-deutschland\/insel-usedom\/"]}]},{"@type":"ImageObject","inLanguage":"de","@id":"https:\/\/www.gourmetclassic.de\/home\/regionen\/regionen-in-deutschland\/insel-usedom\/#primaryimage","url":"https:\/\/www.gourmetclassic.de\/wp-content\/uploads\/2020\/06\/usedom-heringsdorf.jpg","contentUrl":"https:\/\/www.gourmetclassic.de\/wp-content\/uploads\/2020\/06\/usedom-heringsdorf.jpg"},{"@type":"BreadcrumbList","@id":"https:\/\/www.gourmetclassic.de\/home\/regionen\/regionen-in-deutschland\/insel-usedom\/#breadcrumb","itemListElement":[{"@type":"ListItem","position":1,"name":"Startseite","item":"https:\/\/www.gourmetclassic.de\/home\/"},{"@type":"ListItem","position":2,"name":"Suche nach Restaurants\/Hotels in Regionen","item":"https:\/\/www.gourmetclassic.de\/home\/regionen\/"},{"@type":"ListItem","position":3,"name":"Regionen in Deutschland","item":"https:\/\/www.gourmetclassic.de\/home\/regionen\/regionen-in-deutschland\/"},{"@type":"ListItem","position":4,"name":"Insel Usedom"}]},{"@type":"WebSite","@id":"https:\/\/www.gourmetclassic.de\/home\/#website","url":"https:\/\/www.gourmetclassic.de\/home\/","name":"Gourmet Classic","description":"Portal der gehobenen Gastlichkeit","publisher":{"@id":"https:\/\/www.gourmetclassic.de\/home\/#organization"},"potentialAction":[{"@type":"SearchAction","target":{"@type":"EntryPoint","urlTemplate":"https:\/\/www.gourmetclassic.de\/home\/?s={search_term_string}"},"query-input":{"@type":"PropertyValueSpecification","valueRequired":true,"valueName":"search_term_string"}}],"inLanguage":"de"},{"@type":"Organization","@id":"https:\/\/www.gourmetclassic.de\/home\/#organization","name":"Gourmet Classic","url":"https:\/\/www.gourmetclassic.de\/home\/","logo":{"@type":"ImageObject","inLanguage":"de","@id":"https:\/\/www.gourmetclassic.de\/home\/#\/schema\/logo\/image\/","url":"https:\/\/www.gourmetclassic.de\/wp-content\/uploads\/2019\/04\/gourmet-classic-logo.jpg","contentUrl":"https:\/\/www.gourmetclassic.de\/wp-content\/uploads\/2019\/04\/gourmet-classic-logo.jpg","width":253,"height":123,"caption":"Gourmet Classic"},"image":{"@id":"https:\/\/www.gourmetclassic.de\/home\/#\/schema\/logo\/image\/"}}]}},"_links":{"self":[{"href":"https:\/\/www.gourmetclassic.de\/home\/wp-json\/wp\/v2\/pages\/1816"}],"collection":[{"href":"https:\/\/www.gourmetclassic.de\/home\/wp-json\/wp\/v2\/pages"}],"about":[{"href":"https:\/\/www.gourmetclassic.de\/home\/wp-json\/wp\/v2\/types\/page"}],"author":[{"embeddable":true,"href":"https:\/\/www.gourmetclassic.de\/home\/wp-json\/wp\/v2\/users\/1"}],"replies":[{"embeddable":true,"href":"https:\/\/www.gourmetclassic.de\/home\/wp-json\/wp\/v2\/comments?post=1816"}],"version-history":[{"count":3,"href":"https:\/\/www.gourmetclassic.de\/home\/wp-json\/wp\/v2\/pages\/1816\/revisions"}],"predecessor-version":[{"id":4501,"href":"https:\/\/www.gourmetclassic.de\/home\/wp-json\/wp\/v2\/pages\/1816\/revisions\/4501"}],"up":[{"embeddable":true,"href":"https:\/\/www.gourmetclassic.de\/home\/wp-json\/wp\/v2\/pages\/151"}],"wp:attachment":[{"href":"https:\/\/www.gourmetclassic.de\/home\/wp-json\/wp\/v2\/media?parent=1816"}],"curies":[{"name":"wp","href":"https:\/\/api.w.org\/{rel}","templated":true}]}}