{"id":282,"date":"2019-04-16T12:03:35","date_gmt":"2019-04-16T10:03:35","guid":{"rendered":"https:\/\/www.gourmetclassic.de\/home\/?page_id=282"},"modified":"2020-06-25T14:52:18","modified_gmt":"2020-06-25T12:52:18","slug":"gourmetgenuss","status":"publish","type":"page","link":"https:\/\/www.gourmetclassic.de\/home\/veranstaltungen\/gourmetgenuss\/","title":{"rendered":"Gourmetgenuss"},"content":{"rendered":"<p><strong>Hier finden Sie alle Angebote zum Thema &#8222;Genuss f\u00fcr Gourmets&#8220;. Das k\u00f6nnen z.B. spezielle Gourmetabende sein, die von Restaurants und Hotels mit ausgezeichneter K\u00fcche angeboten werden. Sie finden hier auch die Hotelangebote, der mit Michelin-Sternen und Gault&amp;Millau-Hauben dekorierten H\u00e4user, die oft Arrangements f\u00fcr Gourmets enthalten.<\/strong><\/p>\n<h6>Events und Angebote f\u00fcr Gourmets<\/h6>\n<div class=\"em em-view-container\" id=\"em-view-641907942\" data-view=\"list\">\r\n\t<div class=\"em pixelbones em-list em-events-list\" id=\"em-events-list-641907942\" data-view-id=\"641907942\">\r\n\t<table class=\"events-table\" >\r\n    <thead>\r\n        <tr>\r\n\t\t\t<th class=\"event-time\" scope=\"col\">Datum<\/th>\r\n\t\t\t<th class=\"event-description\" scope=\"col\">Veranstaltung<\/th>\r\n\t\t<\/tr>\r\n   \t<\/thead>\r\n    <tbody><tr>\r\n\t\t\t<td style=\"padding-left: 10px; padding-top: 5px; padding-bottom: 5px;\">\r\n                28.02.2026 - 07.11.2026<br\/>\r\n                <!-- 0:00-->\r\n            <\/td>\r\n            <td style=\"padding-left: 10px;  padding-top: 5px;  padding-bottom: 5px;\">\r\n                <strong><a href=\"https:\/\/www.gourmetclassic.de\/home\/events\/kochschule-mit-detlef-schlegel\/\">Kochschule mit Detlef Schlegel<\/a><\/strong>\r\n                <br\/><i><a href=\"https:\/\/www.gourmetclassic.de\/home\/locations\/stadtpfeiffer-restaurant-im-gewandhaus-zu-leipzig\/\">Stadtpfeiffer - Restaurant im Gewandhaus zu Leipzig<\/a>, Leipzig, Sachsen<\/i>\r\n            <\/td>\r\n        <\/tr><tr>\r\n\t\t\t<td style=\"padding-left: 10px; padding-top: 5px; padding-bottom: 5px;\">\r\n                13.04.2026 - 31.12.2026<br\/>\r\n                <!-- 0:00-->\r\n            <\/td>\r\n            <td style=\"padding-left: 10px;  padding-top: 5px;  padding-bottom: 5px;\">\r\n                <strong><a href=\"https:\/\/www.gourmetclassic.de\/home\/events\/angebote-im-meisenheimer-hof\/\">Angebote im Meisenheimer Hof<\/a><\/strong>\r\n                <br\/><i><a href=\"https:\/\/www.gourmetclassic.de\/home\/locations\/weinhotel-restaurant-meisenheimer-hof\/\">Weinhotel &amp; Restaurant Meisenheimer Hof<\/a>, Meisenheim, Rheinland-Pfalz<\/i>\r\n            <\/td>\r\n        <\/tr><tr>\r\n\t\t\t<td style=\"padding-left: 10px; padding-top: 5px; padding-bottom: 5px;\">\r\n                13.04.2026 - 31.12.2026<br\/>\r\n                <!-- 0:00-->\r\n            <\/td>\r\n            <td style=\"padding-left: 10px;  padding-top: 5px;  padding-bottom: 5px;\">\r\n                <strong><a href=\"https:\/\/www.gourmetclassic.de\/home\/events\/angebote-im-villino\/\">Angebote im VILLINO<\/a><\/strong>\r\n                <br\/><i><a href=\"https:\/\/www.gourmetclassic.de\/home\/locations\/hotel-restaurant-villino\/\">Hotel Restaurant VILLINO<\/a>, Lindau (Bodensee), Bayern<\/i>\r\n            <\/td>\r\n        <\/tr><tr>\r\n\t\t\t<td style=\"padding-left: 10px; padding-top: 5px; padding-bottom: 5px;\">\r\n                13.04.2026 - 31.12.2026<br\/>\r\n                <!-- 0:00-->\r\n            <\/td>\r\n            <td style=\"padding-left: 10px;  padding-top: 5px;  padding-bottom: 5px;\">\r\n                <strong><a href=\"https:\/\/www.gourmetclassic.de\/home\/events\/angebote-in-rosins-restaurant\/\">Angebote in Rosins Restaurant<\/a><\/strong>\r\n                <br\/><i><a href=\"https:\/\/www.gourmetclassic.de\/home\/locations\/restaurant-rosin\/\">Restaurant Rosin<\/a>, Dorsten, Nordrhein-Westfalen<\/i>\r\n            <\/td>\r\n        <\/tr><tr>\r\n\t\t\t<td style=\"padding-left: 10px; padding-top: 5px; padding-bottom: 5px;\">\r\n                13.04.2026 - 15.11.2026<br\/>\r\n                <!-- 0:00-->\r\n            <\/td>\r\n            <td style=\"padding-left: 10px;  padding-top: 5px;  padding-bottom: 5px;\">\r\n                <strong><a href=\"https:\/\/www.gourmetclassic.de\/home\/events\/kochkurse-events-im-hinterding\/\">Kochkurse und Events im Hinterding<\/a><\/strong>\r\n                <br\/><i><a href=\"https:\/\/www.gourmetclassic.de\/home\/locations\/restaurant-hotel-hinterding\/\">Restaurant Hotel Hinterding<\/a>, Lengerich, Nordrhein-Westfalen<\/i>\r\n            <\/td>\r\n        <\/tr><tr>\r\n\t\t\t<td style=\"padding-left: 10px; padding-top: 5px; padding-bottom: 5px;\">\r\n                13.04.2026 - 31.12.2026<br\/>\r\n                <!-- 0:00-->\r\n            <\/td>\r\n            <td style=\"padding-left: 10px;  padding-top: 5px;  padding-bottom: 5px;\">\r\n                <strong><a href=\"https:\/\/www.gourmetclassic.de\/home\/events\/landhaus-wolf-angebote\/\">Landhaus Wolf - Angebote<\/a><\/strong>\r\n                <br\/><i><a href=\"https:\/\/www.gourmetclassic.de\/home\/locations\/landhaus-wolf-restaurant-eisenbahn\/\">Landhaus Wolf - Restaurant Eisenbahn<\/a>, Schw\u00e4bisch Hall, Baden-W\u00fcrttemberg<\/i>\r\n            <\/td>\r\n        <\/tr><tr>\r\n\t\t\t<td style=\"padding-left: 10px; padding-top: 5px; padding-bottom: 5px;\">\r\n                14.04.2026 - 31.12.2026<br\/>\r\n                <!-- 0:00-->\r\n            <\/td>\r\n            <td style=\"padding-left: 10px;  padding-top: 5px;  padding-bottom: 5px;\">\r\n                <strong><a href=\"https:\/\/www.gourmetclassic.de\/home\/events\/angebote-hotel-sackmann\/\">Angebote Hotel Sackmann<\/a><\/strong>\r\n                <br\/><i><a href=\"https:\/\/www.gourmetclassic.de\/home\/locations\/hotel-sackmann\/\">Hotel Sackmann<\/a>, Baiersbronn, Baden-W\u00fcrttemberg<\/i>\r\n            <\/td>\r\n        <\/tr><tr>\r\n\t\t\t<td style=\"padding-left: 10px; padding-top: 5px; padding-bottom: 5px;\">\r\n                14.04.2026 - 31.12.2026<br\/>\r\n                <!-- 0:00-->\r\n            <\/td>\r\n            <td style=\"padding-left: 10px;  padding-top: 5px;  padding-bottom: 5px;\">\r\n                <strong><a href=\"https:\/\/www.gourmetclassic.de\/home\/events\/angebote-im-gasthof-restaurant-hirsch\/\">Angebote im Gasthof Restaurant Hirsch<\/a><\/strong>\r\n                <br\/><i><a href=\"https:\/\/www.gourmetclassic.de\/home\/locations\/gasthof-restaurant-hirsch\/\">Gasthof-Restaurant Hirsch<\/a>, Bad Ditzenbach-Gosbach, Baden-W\u00fcrttemberg<\/i>\r\n            <\/td>\r\n        <\/tr><tr>\r\n\t\t\t<td style=\"padding-left: 10px; padding-top: 5px; padding-bottom: 5px;\">\r\n                14.04.2026 - 31.12.2026<br\/>\r\n                <!-- 0:00-->\r\n            <\/td>\r\n            <td style=\"padding-left: 10px;  padding-top: 5px;  padding-bottom: 5px;\">\r\n                <strong><a href=\"https:\/\/www.gourmetclassic.de\/home\/events\/angebote-im-landhaus-stricker\/\">Angebote im Landhaus Stricker<\/a><\/strong>\r\n                <br\/><i><a href=\"https:\/\/www.gourmetclassic.de\/home\/locations\/landhaus-stricker\/\">Landhaus Stricker<\/a>, Sylt (OT Tinnum), Schleswig-Holstein<\/i>\r\n            <\/td>\r\n        <\/tr><tr>\r\n\t\t\t<td style=\"padding-left: 10px; padding-top: 5px; padding-bottom: 5px;\">\r\n                14.04.2026 - 31.12.2026<br\/>\r\n                <!-- 0:00-->\r\n            <\/td>\r\n            <td style=\"padding-left: 10px;  padding-top: 5px;  padding-bottom: 5px;\">\r\n                <strong><a href=\"https:\/\/www.gourmetclassic.de\/home\/events\/angebote-parkhotel-oberstaufen\/\">Angebote Parkhotel Oberstaufen<\/a><\/strong>\r\n                <br\/><i><a href=\"https:\/\/www.gourmetclassic.de\/home\/locations\/parkhotel-oberstaufen\/\">Parkhotel Oberstaufen<\/a>, Oberstaufen, Bayern<\/i>\r\n            <\/td>\r\n        <\/tr><tr>\r\n\t\t\t<td style=\"padding-left: 10px; padding-top: 5px; padding-bottom: 5px;\">\r\n                14.04.2026 - 31.12.2026<br\/>\r\n                <!-- 0:00-->\r\n            <\/td>\r\n            <td style=\"padding-left: 10px;  padding-top: 5px;  padding-bottom: 5px;\">\r\n                <strong><a href=\"https:\/\/www.gourmetclassic.de\/home\/events\/kulinarischer-kalender\/\">Kulinarischer Kalender<\/a><\/strong>\r\n                <br\/><i><a href=\"https:\/\/www.gourmetclassic.de\/home\/locations\/hotel-sackmann\/\">Hotel Sackmann<\/a>, Baiersbronn, Baden-W\u00fcrttemberg<\/i>\r\n            <\/td>\r\n        <\/tr><tr>\r\n\t\t\t<td style=\"padding-left: 10px; padding-top: 5px; padding-bottom: 5px;\">\r\n                16.04.2026 - 31.12.2026<br\/>\r\n                <!-- 0:00-->\r\n            <\/td>\r\n            <td style=\"padding-left: 10px;  padding-top: 5px;  padding-bottom: 5px;\">\r\n                <strong><a href=\"https:\/\/www.gourmetclassic.de\/home\/events\/kochschule-steinheuer-heppingen\/\">Kochschule - Steinheuer Heppingen<\/a><\/strong>\r\n                <br\/><i><a href=\"https:\/\/www.gourmetclassic.de\/home\/locations\/steinheuers-restaurant-zur-alten-post\/\">Steinheuers Restaurant Zur Alten Post<\/a>, Bad Neuenahr-Ahrweiler, Rheinland-Pfalz<\/i>\r\n            <\/td>\r\n        <\/tr><tr>\r\n\t\t\t<td style=\"padding-left: 10px; padding-top: 5px; padding-bottom: 5px;\">\r\n                16.04.2026 - 31.12.2026<br\/>\r\n                <!-- 0:00-->\r\n            <\/td>\r\n            <td style=\"padding-left: 10px;  padding-top: 5px;  padding-bottom: 5px;\">\r\n                <strong><a href=\"https:\/\/www.gourmetclassic.de\/home\/events\/pauschalen-angebote-im-hotel-gut-trattlerhof\/\">Pauschalen &amp; Angebote im Hotel GUT Trattlerhof<\/a><\/strong>\r\n                <br\/><i><a href=\"https:\/\/www.gourmetclassic.de\/home\/locations\/hotel-trattlerhof\/\">Hotel GUT Trattlerhof &amp; Chalets****<\/a>, Bad Kleinkirchheim, K\u00e4rnten<\/i>\r\n            <\/td>\r\n        <\/tr><tr>\r\n\t\t\t<td style=\"padding-left: 10px; padding-top: 5px; padding-bottom: 5px;\">\r\n                16.04.2026 - 31.12.2026<br\/>\r\n                <!-- 0:00-->\r\n            <\/td>\r\n            <td style=\"padding-left: 10px;  padding-top: 5px;  padding-bottom: 5px;\">\r\n                <strong><a href=\"https:\/\/www.gourmetclassic.de\/home\/events\/veranstaltungen-im-trattlerhof\/\">Veranstaltungen im Trattlerhof<\/a><\/strong>\r\n                <br\/><i><a href=\"https:\/\/www.gourmetclassic.de\/home\/locations\/hotel-trattlerhof\/\">Hotel GUT Trattlerhof &amp; Chalets****<\/a>, Bad Kleinkirchheim, K\u00e4rnten<\/i>\r\n            <\/td>\r\n        <\/tr><tr>\r\n\t\t\t<td style=\"padding-left: 10px; padding-top: 5px; padding-bottom: 5px;\">\r\n                19.05.2026 - 23.06.2026<br\/>\r\n                <!-- 0:00-->\r\n            <\/td>\r\n            <td style=\"padding-left: 10px;  padding-top: 5px;  padding-bottom: 5px;\">\r\n                <strong><a href=\"https:\/\/www.gourmetclassic.de\/home\/events\/erleben-sie-die-sterne-atmosphaere-hautnahd-andreas-krolik-jahreszeitliche-gourmetkueche\/\">Erleben Sie die Sterne-Atmosph\u00e4re hautnah<\/a><\/strong>\r\n                <br\/><i><a href=\"https:\/\/www.gourmetclassic.de\/home\/locations\/restaurant-lafleur\/\">Restaurant Lafleur<\/a>, Frankfurt am Main, Hessen<\/i>\r\n            <\/td>\r\n        <\/tr><tr>\r\n\t\t\t<td style=\"padding-left: 10px; padding-top: 5px; padding-bottom: 5px;\">\r\n                22.05.2026 - 07.11.2026<br\/>\r\n                <!-- 0:00-->\r\n            <\/td>\r\n            <td style=\"padding-left: 10px;  padding-top: 5px;  padding-bottom: 5px;\">\r\n                <strong><a href=\"https:\/\/www.gourmetclassic.de\/home\/events\/winzer-am-berg\/\">Winzer am Berg 2026<\/a><\/strong>\r\n                <br\/><i><a href=\"https:\/\/www.gourmetclassic.de\/home\/locations\/hotel-trattlerhof\/\">Hotel GUT Trattlerhof &amp; Chalets****<\/a>, Bad Kleinkirchheim, K\u00e4rnten<\/i>\r\n            <\/td>\r\n        <\/tr><tr>\r\n\t\t\t<td style=\"padding-left: 10px; padding-top: 5px; padding-bottom: 5px;\">\r\n                14.06.2026<br\/>\r\n                <!-- 0:00-->\r\n            <\/td>\r\n            <td style=\"padding-left: 10px;  padding-top: 5px;  padding-bottom: 5px;\">\r\n                <strong><a href=\"https:\/\/www.gourmetclassic.de\/home\/events\/champagner-im-park\/\">Champagner im Park<\/a><\/strong>\r\n                <br\/><i><a href=\"https:\/\/www.gourmetclassic.de\/home\/locations\/steinheuers-restaurant-zur-alten-post\/\">Steinheuers Restaurant Zur Alten Post<\/a>, Bad Neuenahr-Ahrweiler, Rheinland-Pfalz<\/i>\r\n            <\/td>\r\n        <\/tr><tr>\r\n\t\t\t<td style=\"padding-left: 10px; padding-top: 5px; padding-bottom: 5px;\">\r\n                11.11.2026 - 14.11.2026<br\/>\r\n                <!-- 0:00-->\r\n            <\/td>\r\n            <td style=\"padding-left: 10px;  padding-top: 5px;  padding-bottom: 5px;\">\r\n                <strong><a href=\"https:\/\/www.gourmetclassic.de\/home\/events\/martinsgans-wie-wir-sie-lieben\/\">MARTINSGANS - WIE WIR SIE LIEBEN<\/a><\/strong>\r\n                <br\/><i><a href=\"https:\/\/www.gourmetclassic.de\/home\/locations\/stadtpfeiffer-restaurant-im-gewandhaus-zu-leipzig\/\">Stadtpfeiffer - Restaurant im Gewandhaus zu Leipzig<\/a>, Leipzig, Sachsen<\/i>\r\n            <\/td>\r\n        <\/tr><tr>\r\n\t\t\t<td style=\"padding-left: 10px; padding-top: 5px; padding-bottom: 5px;\">\r\n                12.12.2026<br\/>\r\n                <!-- 0:00-->\r\n            <\/td>\r\n            <td style=\"padding-left: 10px;  padding-top: 5px;  padding-bottom: 5px;\">\r\n                <strong><a href=\"https:\/\/www.gourmetclassic.de\/home\/events\/weihnachtsoratorium-konzert-und-menueue-konzert-2\/\">WEIHNACHTS-ORATORIUM \/ KONZERT &amp; MEN\u00dc<\/a><\/strong>\r\n                <br\/><i><a href=\"https:\/\/www.gourmetclassic.de\/home\/locations\/stadtpfeiffer-restaurant-im-gewandhaus-zu-leipzig\/\">Stadtpfeiffer - Restaurant im Gewandhaus zu Leipzig<\/a>, Leipzig, Sachsen<\/i>\r\n            <\/td>\r\n        <\/tr><tr>\r\n\t\t\t<td style=\"padding-left: 10px; padding-top: 5px; padding-bottom: 5px;\">\r\n                29.12.2026<br\/>\r\n                <!-- 0:00-->\r\n            <\/td>\r\n            <td style=\"padding-left: 10px;  padding-top: 5px;  padding-bottom: 5px;\">\r\n                <strong><a href=\"https:\/\/www.gourmetclassic.de\/home\/events\/goetterfunken-menue-konzert\/\">G\u00d6TTERFUNKEN - MEN\u00dc &amp; KONZERT<\/a><\/strong>\r\n                <br\/><i><a href=\"https:\/\/www.gourmetclassic.de\/home\/locations\/stadtpfeiffer-restaurant-im-gewandhaus-zu-leipzig\/\">Stadtpfeiffer - Restaurant im Gewandhaus zu Leipzig<\/a>, Leipzig, Sachsen<\/i>\r\n            <\/td>\r\n        <\/tr><tr>\r\n\t\t\t<td style=\"padding-left: 10px; padding-top: 5px; padding-bottom: 5px;\">\r\n                30.12.2026<br\/>\r\n                <!-- 0:00-->\r\n            <\/td>\r\n            <td style=\"padding-left: 10px;  padding-top: 5px;  padding-bottom: 5px;\">\r\n                <strong><a href=\"https:\/\/www.gourmetclassic.de\/home\/events\/goetterfunken-menue-konzert-2\/\">G\u00d6TTERFUNKEN - MEN\u00dc &amp; KONZERT<\/a><\/strong>\r\n                <br\/><i><a href=\"https:\/\/www.gourmetclassic.de\/home\/locations\/stadtpfeiffer-restaurant-im-gewandhaus-zu-leipzig\/\">Stadtpfeiffer - Restaurant im Gewandhaus zu Leipzig<\/a>, Leipzig, Sachsen<\/i>\r\n            <\/td>\r\n        <\/tr><tr>\r\n\t\t\t<td style=\"padding-left: 10px; padding-top: 5px; padding-bottom: 5px;\">\r\n                31.12.2026<br\/>\r\n                <!-- 0:00-->\r\n            <\/td>\r\n            <td style=\"padding-left: 10px;  padding-top: 5px;  padding-bottom: 5px;\">\r\n                <strong><a href=\"https:\/\/www.gourmetclassic.de\/home\/events\/silvestergala-konzert-menue\/\">SILVESTERGALA - KONZERT &amp; MEN\u00dc<\/a><\/strong>\r\n                <br\/><i><a href=\"https:\/\/www.gourmetclassic.de\/home\/locations\/stadtpfeiffer-restaurant-im-gewandhaus-zu-leipzig\/\">Stadtpfeiffer - Restaurant im Gewandhaus zu Leipzig<\/a>, Leipzig, Sachsen<\/i>\r\n            <\/td>\r\n        <\/tr><\/tbody><\/table>\t<\/div>\r\n<\/div>\n","protected":false},"excerpt":{"rendered":"<p>Hier finden Sie alle Angebote zum Thema &#8222;Genuss f\u00fcr Gourmets&#8220;. Das k\u00f6nnen z.B. spezielle Gourmetabende sein, die von Restaurants und<\/p>\n","protected":false},"author":1,"featured_media":0,"parent":47,"menu_order":0,"comment_status":"closed","ping_status":"closed","template":"","meta":{"footnotes":""},"class_list":["post-282","page","type-page","status-publish","hentry"],"yoast_head":"<!-- This site is optimized with the Yoast SEO plugin v25.6 - https:\/\/yoast.com\/wordpress\/plugins\/seo\/ -->\n<title>Gourmetgenuss - Gourmet Classic<\/title>\n<meta name=\"robots\" content=\"index, follow, max-snippet:-1, max-image-preview:large, max-video-preview:-1\" \/>\n<link rel=\"canonical\" href=\"https:\/\/www.gourmetclassic.de\/home\/veranstaltungen\/gourmetgenuss\/\" \/>\n<meta property=\"og:locale\" content=\"de_DE\" \/>\n<meta property=\"og:type\" content=\"article\" \/>\n<meta property=\"og:title\" content=\"Gourmetgenuss - Gourmet Classic\" \/>\n<meta property=\"og:description\" content=\"Hier finden Sie alle Angebote zum Thema &#8222;Genuss f\u00fcr Gourmets&#8220;. Das k\u00f6nnen z.B. spezielle Gourmetabende sein, die von Restaurants und\" \/>\n<meta property=\"og:url\" content=\"https:\/\/www.gourmetclassic.de\/home\/veranstaltungen\/gourmetgenuss\/\" \/>\n<meta property=\"og:site_name\" content=\"Gourmet Classic\" \/>\n<meta property=\"article:modified_time\" content=\"2020-06-25T12:52:18+00:00\" \/>\n<meta name=\"twitter:card\" content=\"summary_large_image\" \/>\n<script type=\"application\/ld+json\" class=\"yoast-schema-graph\">{\"@context\":\"https:\/\/schema.org\",\"@graph\":[{\"@type\":\"WebPage\",\"@id\":\"https:\/\/www.gourmetclassic.de\/home\/veranstaltungen\/gourmetgenuss\/\",\"url\":\"https:\/\/www.gourmetclassic.de\/home\/veranstaltungen\/gourmetgenuss\/\",\"name\":\"Gourmetgenuss - Gourmet Classic\",\"isPartOf\":{\"@id\":\"https:\/\/www.gourmetclassic.de\/home\/#website\"},\"datePublished\":\"2019-04-16T10:03:35+00:00\",\"dateModified\":\"2020-06-25T12:52:18+00:00\",\"breadcrumb\":{\"@id\":\"https:\/\/www.gourmetclassic.de\/home\/veranstaltungen\/gourmetgenuss\/#breadcrumb\"},\"inLanguage\":\"de\",\"potentialAction\":[{\"@type\":\"ReadAction\",\"target\":[\"https:\/\/www.gourmetclassic.de\/home\/veranstaltungen\/gourmetgenuss\/\"]}]},{\"@type\":\"BreadcrumbList\",\"@id\":\"https:\/\/www.gourmetclassic.de\/home\/veranstaltungen\/gourmetgenuss\/#breadcrumb\",\"itemListElement\":[{\"@type\":\"ListItem\",\"position\":1,\"name\":\"Startseite\",\"item\":\"https:\/\/www.gourmetclassic.de\/home\/\"},{\"@type\":\"ListItem\",\"position\":2,\"name\":\"Events &#8211; Angebote &#8211; Veranstaltungen\",\"item\":\"https:\/\/www.gourmetclassic.de\/home\/veranstaltungen\/\"},{\"@type\":\"ListItem\",\"position\":3,\"name\":\"Gourmetgenuss\"}]},{\"@type\":\"WebSite\",\"@id\":\"https:\/\/www.gourmetclassic.de\/home\/#website\",\"url\":\"https:\/\/www.gourmetclassic.de\/home\/\",\"name\":\"Gourmet Classic\",\"description\":\"Portal der gehobenen Gastlichkeit\",\"publisher\":{\"@id\":\"https:\/\/www.gourmetclassic.de\/home\/#organization\"},\"potentialAction\":[{\"@type\":\"SearchAction\",\"target\":{\"@type\":\"EntryPoint\",\"urlTemplate\":\"https:\/\/www.gourmetclassic.de\/home\/?s={search_term_string}\"},\"query-input\":{\"@type\":\"PropertyValueSpecification\",\"valueRequired\":true,\"valueName\":\"search_term_string\"}}],\"inLanguage\":\"de\"},{\"@type\":\"Organization\",\"@id\":\"https:\/\/www.gourmetclassic.de\/home\/#organization\",\"name\":\"Gourmet Classic\",\"url\":\"https:\/\/www.gourmetclassic.de\/home\/\",\"logo\":{\"@type\":\"ImageObject\",\"inLanguage\":\"de\",\"@id\":\"https:\/\/www.gourmetclassic.de\/home\/#\/schema\/logo\/image\/\",\"url\":\"https:\/\/www.gourmetclassic.de\/wp-content\/uploads\/2019\/04\/gourmet-classic-logo.jpg\",\"contentUrl\":\"https:\/\/www.gourmetclassic.de\/wp-content\/uploads\/2019\/04\/gourmet-classic-logo.jpg\",\"width\":253,\"height\":123,\"caption\":\"Gourmet Classic\"},\"image\":{\"@id\":\"https:\/\/www.gourmetclassic.de\/home\/#\/schema\/logo\/image\/\"}}]}<\/script>\n<!-- \/ Yoast SEO plugin. -->","yoast_head_json":{"title":"Gourmetgenuss - Gourmet Classic","robots":{"index":"index","follow":"follow","max-snippet":"max-snippet:-1","max-image-preview":"max-image-preview:large","max-video-preview":"max-video-preview:-1"},"canonical":"https:\/\/www.gourmetclassic.de\/home\/veranstaltungen\/gourmetgenuss\/","og_locale":"de_DE","og_type":"article","og_title":"Gourmetgenuss - Gourmet Classic","og_description":"Hier finden Sie alle Angebote zum Thema &#8222;Genuss f\u00fcr Gourmets&#8220;. Das k\u00f6nnen z.B. spezielle Gourmetabende sein, die von Restaurants und","og_url":"https:\/\/www.gourmetclassic.de\/home\/veranstaltungen\/gourmetgenuss\/","og_site_name":"Gourmet Classic","article_modified_time":"2020-06-25T12:52:18+00:00","twitter_card":"summary_large_image","schema":{"@context":"https:\/\/schema.org","@graph":[{"@type":"WebPage","@id":"https:\/\/www.gourmetclassic.de\/home\/veranstaltungen\/gourmetgenuss\/","url":"https:\/\/www.gourmetclassic.de\/home\/veranstaltungen\/gourmetgenuss\/","name":"Gourmetgenuss - Gourmet Classic","isPartOf":{"@id":"https:\/\/www.gourmetclassic.de\/home\/#website"},"datePublished":"2019-04-16T10:03:35+00:00","dateModified":"2020-06-25T12:52:18+00:00","breadcrumb":{"@id":"https:\/\/www.gourmetclassic.de\/home\/veranstaltungen\/gourmetgenuss\/#breadcrumb"},"inLanguage":"de","potentialAction":[{"@type":"ReadAction","target":["https:\/\/www.gourmetclassic.de\/home\/veranstaltungen\/gourmetgenuss\/"]}]},{"@type":"BreadcrumbList","@id":"https:\/\/www.gourmetclassic.de\/home\/veranstaltungen\/gourmetgenuss\/#breadcrumb","itemListElement":[{"@type":"ListItem","position":1,"name":"Startseite","item":"https:\/\/www.gourmetclassic.de\/home\/"},{"@type":"ListItem","position":2,"name":"Events &#8211; Angebote &#8211; Veranstaltungen","item":"https:\/\/www.gourmetclassic.de\/home\/veranstaltungen\/"},{"@type":"ListItem","position":3,"name":"Gourmetgenuss"}]},{"@type":"WebSite","@id":"https:\/\/www.gourmetclassic.de\/home\/#website","url":"https:\/\/www.gourmetclassic.de\/home\/","name":"Gourmet Classic","description":"Portal der gehobenen Gastlichkeit","publisher":{"@id":"https:\/\/www.gourmetclassic.de\/home\/#organization"},"potentialAction":[{"@type":"SearchAction","target":{"@type":"EntryPoint","urlTemplate":"https:\/\/www.gourmetclassic.de\/home\/?s={search_term_string}"},"query-input":{"@type":"PropertyValueSpecification","valueRequired":true,"valueName":"search_term_string"}}],"inLanguage":"de"},{"@type":"Organization","@id":"https:\/\/www.gourmetclassic.de\/home\/#organization","name":"Gourmet Classic","url":"https:\/\/www.gourmetclassic.de\/home\/","logo":{"@type":"ImageObject","inLanguage":"de","@id":"https:\/\/www.gourmetclassic.de\/home\/#\/schema\/logo\/image\/","url":"https:\/\/www.gourmetclassic.de\/wp-content\/uploads\/2019\/04\/gourmet-classic-logo.jpg","contentUrl":"https:\/\/www.gourmetclassic.de\/wp-content\/uploads\/2019\/04\/gourmet-classic-logo.jpg","width":253,"height":123,"caption":"Gourmet Classic"},"image":{"@id":"https:\/\/www.gourmetclassic.de\/home\/#\/schema\/logo\/image\/"}}]}},"_links":{"self":[{"href":"https:\/\/www.gourmetclassic.de\/home\/wp-json\/wp\/v2\/pages\/282"}],"collection":[{"href":"https:\/\/www.gourmetclassic.de\/home\/wp-json\/wp\/v2\/pages"}],"about":[{"href":"https:\/\/www.gourmetclassic.de\/home\/wp-json\/wp\/v2\/types\/page"}],"author":[{"embeddable":true,"href":"https:\/\/www.gourmetclassic.de\/home\/wp-json\/wp\/v2\/users\/1"}],"replies":[{"embeddable":true,"href":"https:\/\/www.gourmetclassic.de\/home\/wp-json\/wp\/v2\/comments?post=282"}],"version-history":[{"count":4,"href":"https:\/\/www.gourmetclassic.de\/home\/wp-json\/wp\/v2\/pages\/282\/revisions"}],"predecessor-version":[{"id":2794,"href":"https:\/\/www.gourmetclassic.de\/home\/wp-json\/wp\/v2\/pages\/282\/revisions\/2794"}],"up":[{"embeddable":true,"href":"https:\/\/www.gourmetclassic.de\/home\/wp-json\/wp\/v2\/pages\/47"}],"wp:attachment":[{"href":"https:\/\/www.gourmetclassic.de\/home\/wp-json\/wp\/v2\/media?parent=282"}],"curies":[{"name":"wp","href":"https:\/\/api.w.org\/{rel}","templated":true}]}}