{"id":3286,"date":"2021-05-31T15:13:57","date_gmt":"2021-05-31T13:13:57","guid":{"rendered":"https:\/\/www.gourmetclassic.de\/home\/?page_id=3286"},"modified":"2025-01-21T11:28:35","modified_gmt":"2025-01-21T10:28:35","slug":"weinanbaugebiet-pfalz","status":"publish","type":"page","link":"https:\/\/www.gourmetclassic.de\/home\/winzer\/winzer-deutschland\/weinanbaugebiet-pfalz\/","title":{"rendered":"Weinanbaugebiet Pfalz"},"content":{"rendered":"<h6>Unsere Winzerportr\u00e4ts aus dem Weinanbaugebiet Pfalz<\/h6>\n<p>In unserem Gourmet Classic Journal stellen wir in loser Folge Weing\u00fcter und Sektkellereien aus allen deutschen Anbaugebieten vor. Hier pr\u00e4sentieren wir die Portr\u00e4ts der letzten Jahre aus dem Gebiet der Pfalz<\/p>\n<ul>\n<li>Weingut Reichsrat von Buhl in Deidesheim in der Pfalz<\/li>\n<li>Weingut J\u00fclg in Schweigen-Rechtenbach (S\u00fcdpfalz)<\/li>\n<li>Weingut Philipp Kuhn in Laumersheim<\/li>\n<li>Sektkellerei Andres &amp; Mugler in Ruppertsberg (Pfalz)<\/li>\n<li>Weingut Kirchner in Freinsheim<\/li>\n<li>Weingut und Destillerie Schaurer in Insheim, S\u00fcdpfalz<\/li>\n<li>Der Gl\u00fccksJ\u00e4ger &#8211; Weinessiggut Doktorenhof, Venningen (Pfalz)<\/li>\n<li>Weingut Wageck Pfaffmann in Bissersheim<\/li>\n<li>Weingut Doppler-Hertel in Essingen, Pfalz<\/li>\n<\/ul>\n<hr \/>\n<h5>Das Weingut Reichsrat von Buhl in Deidesheim in der Pfalz<\/h5>\n<p><a href=\"https:\/\/www.gourmetclassic.de\/newsletter\/weingut_reichsrat_von_buhl_800.jpg\" rel=\"journal\"><img decoding=\"async\" class=\"alignleft\" style=\"margin-top: 8px; margin-bottom: 0px;\" title=\"Das Weingut Reichsrat von Buhl in Deidesheim in der Pfalz\" src=\"https:\/\/www.gourmetclassic.de\/newsletter\/weingut_reichsrat_von_buhl_250.jpg\" alt=\"Das Weingut Reichsrat von Buhl in Deidesheim in der Pfalz\" width=\"250\" \/><\/a><strong>Das Weingut Reichsrat von Buhl in Deidesheim in der Pfalz:<\/strong> Das Weingut Reichsrat von Buhl z\u00e4hlt seit der Gr\u00fcndung 1849 zu den renommiertesten Weing\u00fctern Deutschlands und steht f\u00fcr eine terroirgepr\u00e4gte, zeitlose Stilistik, welche die Herkunft der Trauben aus den besten Deidesheimer und Forster Lagen nachhaltig widerspiegelt. Der Name von Buhl entwickelte sich innerhalb k\u00fcrzester Zeit zu einem Qualit\u00e4tsversprechen: Bereits im Jahre 1869 wurde zur Er\u00f6ffnung des Suez-Kanals ein von Buhl\u2019scher Riesling gereicht &#8211; ein Jahrhundertereignis in der damaligen Zeit. Diesem Verm\u00e4chtnis f\u00fchlt man sich verpflichtet und gestaltet die Geschichte mit Herzblut und Hingabe weiter &#8230;<\/p>\n<p><a href=\"https:\/\/www.gourmetclassic.de\/gourmet\/gourmet_post\/pdf\/GJ_2024_10_weingut_reichsrat_von_buhl.pdf\" target=\"_blank\" rel=\"noopener noreferrer\">Mehr Infos im Artikel des Gourmet Classic Journal Ausgabe Oktober 2024 (pdf)<\/a><\/p>\n<hr \/>\n<h5>Das Weingut J\u00fclg in Schweigen-Rechtenbach (S\u00fcdpfalz)<\/h5>\n<p><a href=\"https:\/\/www.gourmetclassic.de\/newsletter\/weingut_juelg_800.jpg\" rel=\"journal\"><img decoding=\"async\" class=\"alignleft\" style=\"margin-top: 8px; margin-bottom: 0px;\" title=\"Das Weingut J\u00fclg in Schweigen-Rechtenbach (S\u00fcdpfalz)\" src=\"https:\/\/www.gourmetclassic.de\/newsletter\/weingut_juelg_250.jpg\" alt=\"Das Weingut J\u00fclg in Schweigen-Rechtenbach (S\u00fcdpfalz)\" width=\"250\" \/><\/a><strong>Das Weingut J\u00fclg in Schweigen-Rechtenbach (S\u00fcdpfalz):<\/strong> In Schweigen, unmittelbar an der deutsch-franz\u00f6sischen Grenze der S\u00fcdpfalz, liegt seit 1961 das Familienweingut J\u00fclg. Hier bewirtschaften Werner zusammen mit Sohn Johannes J\u00fclg rund 25 Hektar BIORebfl\u00e4che. Der Schwerpunkt des Sortiments liegt auf den Burgunderrebsorten sowie dem Riesling. Ein Kuriosum \u2013 aufgrund der Historie liegen 50% der Weinberge in Wissembourg auf franz\u00f6sischem Staatsgebiet. Weshalb vor der Einf\u00fchrung des Schengenraums stets der Reisepass bei den Weinbergsarbeiten mitgef\u00fchrt werden musste. Heute vereinen die zwei deutsch-franz\u00f6sischen Grenzg\u00e4nger das Beste aus zwei Kulturen. Tag f\u00fcr Tag. W\u00e4hrend Werner mit viel Geduld und Hingabe f\u00fcr die Sekt-Herstellung zust\u00e4ndig ist, verleiht Johannes nach seiner langj\u00e4hrigen Ausbildung bei renommierten Weing\u00fctern in Deutschland sowie in Frankreich den Weinen eine unverwechselbare Handschrift: elegant, pr\u00e4zise und vor allem terroirbetont. Weine, die wie Monumente im Glas stehen und dabei einen bleibenden Eindruck hinterlassen &#8230;<\/p>\n<p><a href=\"https:\/\/www.gourmetclassic.de\/gourmet\/gourmet_post\/pdf\/GJ_2024_09_weingut_juelg.pdf\" target=\"_blank\" rel=\"noopener noreferrer\">Mehr Infos im Artikel des Gourmet Classic Journal Ausgabe September 2024 (pdf)<\/a><\/p>\n<hr \/>\n<h5>Philipp Kuhn &#8211; Pf\u00e4lzer Frohnatur als genialer Allrounder<\/h5>\n<p><a href=\"https:\/\/www.gourmetclassic.de\/newsletter\/kuhn_800.jpg\" rel=\"journal\"><img decoding=\"async\" class=\"alignleft\" style=\"margin-top: 8px; margin-bottom: 0px;\" title=\"Weingut Phlipp Kuhn aus Laumersheim in der Pfalz\" src=\"https:\/\/www.gourmetclassic.de\/newsletter\/kuhn_250.jpg\" alt=\"Weingut Phlipp Kuhn aus Laumersheim in der Pfalz\" width=\"250\" \/><\/a><strong>Weingut Philipp Kuhn aus Laumersheim in der Pfalz:<\/strong> Philipp Kuhn \u00fcbernahm direkt nach dem Abitur 1991 die Geschicke des elterlichen Weinguts. Die Entscheidung, den Beruf des Winzers zu ergreifen, war reine Passion und keine Vernunftentscheidung. Damals Ende der 80er, Anfang der 90er Jahre befand sich der Deutsche Weinbau g\u00e4nzlich am Boden. Jeder Berufs- und Marktberater h\u00e4tte strikt davon abgeraten, Winzer zu werden. Sogar die Schulfreunde bel\u00e4chelten die<br \/>\nEntscheidung Kuhn\u00b4s und sahen darin keinen angesehenen Beruf. Aufgrund diesem von au\u00dfen herangetragenen Pessimismus, entstand eine \u201ejetzt erst recht Situation\u201c .Was einige wenige Pioniere damals Ende der 80er Jahre begannen, n\u00e4mlich die Weinqualit\u00e4t entscheidend zu verbessern, daran wollte Philipp Kuhn mitarbeiten und nat\u00fcrlich zum Fortbestand des eigenen Weinguts beitragen mit<br \/>\ndem Ziel, immer sehr gute Weine zu erzeugen &#8230;<\/p>\n<p><a href=\"https:\/\/www.gourmetclassic.de\/gourmet\/gourmet_post\/pdf\/GJ_2021_04_weingut_kuhn.pdf\" target=\"_blank\" rel=\"noopener noreferrer\">Mehr Infos im Artikel des Gourmet Classic Journal Ausgabe April 2021 (pdf)<\/a><\/p>\n<hr \/>\n<h5>Sektkellerei Andres &amp; Mugler in Ruppertsberg (Pfalz)<\/h5>\n<p><a href=\"https:\/\/www.gourmetclassic.de\/newsletter\/aum_800.jpg\" rel=\"journal\"><img decoding=\"async\" class=\"alignleft\" style=\"margin-top: 8px; margin-bottom: 0px;\" title=\"Sektkellerei Andres &amp; Mugler in Ruppertsberg (Pfalz)\" src=\"https:\/\/www.gourmetclassic.de\/newsletter\/aum_250.jpg\" alt=\"Sektkellerei Andres &amp; Mugler in Ruppertsberg (Pfalz)\" width=\"250\" \/><\/a><strong>Sektkollektion des Jahres:<\/strong> Seit 1989 konzentrieren sich Steffen Mugler und Michael Andres darauf, einen unverwechselbaren Sekt zu machen, der den Charakter der Landschaft mit seinem Terroir in jeder Nuance wiedergibt. Das bedeutet ein genaues Beobachten, viel Handarbeit und die Beschr\u00e4nkung auf limitierte Auflagen. Und es bedeutet, dem Zeitgeist zu widerstehen. Die Weing\u00fcter von Steffen Mugler und Michael Andres liegen in den Spitzenlagen der Region: von der Kalklage des Heiligenbergs bis zu den Buntsandsteinlagen Herrgottsacker, M\u00e4ush\u00f6hle und Reiterpfad &#8230;<\/p>\n<p><a href=\"https:\/\/www.gourmetclassic.de\/gourmet\/gourmet_post\/pdf\/GJ_2019_11_andres_mugler.pdf\" target=\"_blank\" rel=\"noopener noreferrer\">Mehr Infos im Artikel des Gourmet Classic Journal Ausgabe November 2019 (pdf)<\/a><\/p>\n<hr \/>\n<h5>Weingut Kirchner in Freinsheim<\/h5>\n<p><a href=\"https:\/\/www.gourmetclassic.de\/newsletter\/kirchner_800.jpg\" rel=\"journal\"><img decoding=\"async\" class=\"alignleft\" style=\"margin-top: 8px; margin-bottom: 0px;\" title=\"Weingut Kirchner in Freinsheim\" src=\"https:\/\/www.gourmetclassic.de\/newsletter\/kirchner_250.jpg\" alt=\"Weingut Kirchner in Freinsheim\" width=\"250\" \/><\/a><strong>Weine aus der Pfalz:<\/strong> Ulrike und G\u00fcnter Kirchner haben 1974 ihr eigenes Weingut gegr\u00fcndet, mittlerweile hat Sohn Ralph den Betrieb \u00fcbernommen. Die Weinberge des Weinguts Kirchner liegen in Freinsheim in den Lagen Schwarzes Kreuz (sandige B\u00f6den auf schwerem Grund), Oschelskopf (hoher Lehm- und Kalkanteil), Rosenb\u00fchl (schwere B\u00f6den mit Humusauflage) und Musikantenbuckel (teils leichte lehmige Sandb\u00f6den, teils schwere Lehmb\u00f6den), aber auch in Kallstadt im Saumagen (Kalksandstein) und im Steinacker (kalkig-steiniger Boden), sowie im Herxheimer Honigsack (kalthaltiger, mit Lehm und Ton vermischter Boden). Derzeit werden 17 ha Rebfl\u00e4che bewirtschaftet, davon 60% Weiss und 40% Rot. Der Fokus liegt auf den traditionellen Rebsorten Riesling, Burgunder und St. Laurent &#8230;<\/p>\n<p><a href=\"https:\/\/www.gourmetclassic.de\/gourmet\/gourmet_post\/pdf\/GJ_2019_11_weingut_kirchner.pdf\" target=\"_blank\" rel=\"noopener noreferrer\">Mehr Infos im Artikel des Gourmet Classic Journal Ausgabe November 2019 (pdf)<\/a><\/p>\n<hr \/>\n<h5>Weingut und Destillerie Schaurer in Insheim, S\u00fcdpfalz<\/h5>\n<p><a href=\"https:\/\/www.gourmetclassic.de\/newsletter\/schaurer_800.jpg\" rel=\"journal\"><img decoding=\"async\" class=\"alignleft\" style=\"margin-top: 8px; margin-bottom: 0px;\" title=\"Weingut und Destillerie Schaurer in Insheim, S\u00fcdpfalz\" src=\"https:\/\/www.gourmetclassic.de\/newsletter\/schaurer_250.jpg\" alt=\"Weingut und Destillerie Schaurer in Insheim, S\u00fcdpfalz\" width=\"250\" \/><\/a><strong>Pf\u00e4lzer Weine mit Leidenschaft:<\/strong> In vierter Generation wird das Weingut Schaurer als erfolgreicher Familienbetrieb in Insheim in der S\u00fcdpfalz betrieben. \u00dcber die Jahre hinweg verbessert man sich stetig, erweitert die Produktpalette und bietet ausgezeichnete Qualit\u00e4t. Voller Stolz wird uns bei einer individuellen Weinprobe in der im Jahr 2013 fertig gestellten Vinothek eine Produktpalette pr\u00e4sentiert, die von edlen Weinen bis feinen Spirituosen reicht. F\u00fcr eine rundum gelungene Weinprobe werden kalte Pf\u00e4lzer Gerichte, Flammkuchen oder verschiedene warme Speisen angeboten &#8230;<\/p>\n<p><a href=\"https:\/\/www.gourmetclassic.de\/gourmet\/gourmet_post\/pdf\/GJ_2018_04_weingut_schaurer.pdf\" target=\"_blank\" rel=\"noopener noreferrer\">Mehr Infos im Artikel des Gourmet Classic Journal Ausgabe April 2018 (pdf)<\/a><\/p>\n<hr \/>\n<h5>Der Gl\u00fccksJ\u00e4ger &#8211; Weinessiggut Doktorenhof, Venningen (Pfalz)<\/h5>\n<p><a href=\"https:\/\/www.gourmetclassic.de\/newsletter\/gluecksjaeger_800.jpg\" rel=\"journal\"><img decoding=\"async\" class=\"alignleft\" style=\"margin-top: 8px; margin-bottom: 0px;\" title=\"Der Gl\u00fccksJ\u00e4ger - Weinessiggut Doktorenhof, Venningen (Pfalz)\" src=\"https:\/\/www.gourmetclassic.de\/newsletter\/gluecksjaeger_250.jpg\" alt=\"Der Gl\u00fccksJ\u00e4ger - Weinessiggut Doktorenhof, Venningen (Pfalz)\" width=\"250\" \/><\/a><strong>Gl\u00fccksJ\u00e4ger im Doktorenhof:<\/strong> Der Gl\u00fccksJ\u00e4ger ist ein junges, kleines Weingut in Venningen in der Pfalz, welches Andreas Pfaffmann-Wiedemann seit 2011 betreibt. Im romantischen Doktorenhof hat sich seine Schwiegerfamilie, die in Venningen schon mehrere Hundert Jahre ans\u00e4ssig ist, seit \u00fcber 20 Jahren der Herstellung von ganz speziellen und traditionellen Essigessenzen verschrieben, deren Grundlage die Weinrebst\u00f6cke sind. So lag es nahe, da\u00df sich der gelernte Weinbautechniker und Inhaber Andreas Pfaffmann-Wiedemann hier nun der Herstellung von Weinen widmet. Dabei sch\u00f6pft er seine Kraft aus der Verbundenheit zur Natur und der Langsamkeit des Tuns, dem Einklang mit den eigenen Tieren und Rebst\u00f6cken. Mit viel Liebe zum Detail werden unter seiner Regie mit purer Handarbeit vegane Bioweine ohne jegliche Zusatzstoffe erzeugt &#8230;<\/p>\n<p><a href=\"https:\/\/www.gourmetclassic.de\/gourmet\/gourmet_post\/pdf\/GJ_2015_08_doktorenhof.pdf\" target=\"_blank\" rel=\"noopener noreferrer\">Mehr Infos im Artikel des Gourmet Classic Journal Ausgabe August 2015 (pdf)<\/a><\/p>\n<hr \/>\n<h5>Weingut Wageck Pfaffmann in Bissersheim<\/h5>\n<p><strong>Die Pfaffm\u00e4nner \u2013 Newcomer der Nordpfalz:<\/strong> Mit dem 2009er Jahrgang hat die Familie Pfaffmann aus dem kleinen \u00d6rtchen Bissersheim im n\u00f6rdllichen Teil der Pfalz, einen weiteren Schritt nach vorne gemacht. Alle drei Pfaffm\u00e4nner, der Vater Gunter, die S\u00f6hne Frank und Thomas studierten<br \/>\nWeinbau an der FH in Geisenheim. Die j\u00fcngere Generation hatte zudem ihre Lehrjahre in renommierten Weing\u00fctern verbracht. Die Weine sind also keine Zufallsprodukte, sie spiegeln das Engagement der beiden wider. Die jungen Pfaffm\u00e4nner kombinierten Tradtionelles mit Modernem<br \/>\nund der Erfolg gibt ihnen recht. Die nun gelebte Betriebsphilosophie wurde Ihnen aber an keiner Schule gelehrt &#8230;<\/p>\n<p><a href=\"https:\/\/www.gourmetclassic.de\/gourmet\/gourmet_post\/pdf\/GJ_2011_01_wageck-pfaffmann.pdf\" target=\"_blank\" rel=\"noopener noreferrer\">Mehr Infos im Artikel des Gourmet Classic Journal Ausgabe Januar 2011 (pdf)<\/a><\/p>\n<hr \/>\n<h5>Weingut Doppler-Hertel in Essingen, Pfalz<\/h5>\n<p><img decoding=\"async\" class=\"alignleft\" style=\"margin-top: 8px; margin-bottom: 0px;\" title=\"Weingut Doppler-Hertel in Essingen, Pfalz\" src=\"https:\/\/www.gourmetclassic.de\/newsletter\/dh_250.jpg\" alt=\"Weingut Doppler-Hertel in Essingen, Pfalz\" width=\"250\" \/><strong>Riesling \u201eTerroir M\u201c feiert sein Deb\u00fct:<\/strong> Das Fr\u00fchjahr 2010 steht bei uns ganz im Zeichen der Rieslingrebe. Ob jugendlich frech oder sehr ausdrucksstark gereift, ob Aromen gelber Fr\u00fcchte oder doch lieber Zitrusfruchtankl\u00e4nge, ob schlank oder volumin\u00f6s, mineralisch vom Schiefer gepr\u00e4gt oder vorzugsweise mit der charakteristischen Mineralit\u00e4t des auf Kalkstein gewachsenen Rieslings. Rieslinge was das Herz begehrt! Das Deb\u00fct unseres Riesling \u201eTerroir M\u201c (Weinkarte N\u00b0 28) ist eingebunden in eine ausergew\u00f6hnlich vielf\u00e4ltige Kollektion von Rieslingen aus unterschiedlichsten Lagen und Klimaten in der Rheinebene, am Haardtrand und der Terrassenmosel &#8230;<\/p>\n<p><a href=\"https:\/\/www.gourmetclassic.de\/gourmet\/gourmet_post\/pdf\/GJ_2010_03_weingut_doppler-hertel.pdf\" target=\"_blank\" rel=\"noopener noreferrer\">Mehr Infos im Artikel des Gourmet Classic Journal Ausgabe M\u00e4rz 2010 (pdf)<\/a><\/p>\n","protected":false},"excerpt":{"rendered":"<p>Unsere Winzerportr\u00e4ts aus dem Weinanbaugebiet Pfalz In unserem Gourmet Classic Journal stellen wir in loser Folge Weing\u00fcter und Sektkellereien aus<\/p>\n","protected":false},"author":1,"featured_media":0,"parent":3269,"menu_order":0,"comment_status":"closed","ping_status":"closed","template":"","meta":{"footnotes":""},"class_list":["post-3286","page","type-page","status-publish","hentry"],"yoast_head":"<!-- This site is optimized with the Yoast SEO plugin v25.6 - https:\/\/yoast.com\/wordpress\/plugins\/seo\/ -->\n<title>Weinanbaugebiet Pfalz - Gourmet Classic<\/title>\n<meta name=\"robots\" content=\"index, follow, max-snippet:-1, max-image-preview:large, max-video-preview:-1\" \/>\n<link rel=\"canonical\" href=\"https:\/\/www.gourmetclassic.de\/home\/winzer\/winzer-deutschland\/weinanbaugebiet-pfalz\/\" \/>\n<meta property=\"og:locale\" content=\"de_DE\" \/>\n<meta property=\"og:type\" content=\"article\" \/>\n<meta property=\"og:title\" content=\"Weinanbaugebiet Pfalz - Gourmet Classic\" \/>\n<meta property=\"og:description\" content=\"Unsere Winzerportr\u00e4ts aus dem Weinanbaugebiet Pfalz In unserem Gourmet Classic Journal stellen wir in loser Folge Weing\u00fcter und Sektkellereien aus\" \/>\n<meta property=\"og:url\" content=\"https:\/\/www.gourmetclassic.de\/home\/winzer\/winzer-deutschland\/weinanbaugebiet-pfalz\/\" \/>\n<meta property=\"og:site_name\" content=\"Gourmet Classic\" \/>\n<meta property=\"article:modified_time\" content=\"2025-01-21T10:28:35+00:00\" \/>\n<meta property=\"og:image\" content=\"https:\/\/www.gourmetclassic.de\/newsletter\/weingut_reichsrat_von_buhl_250.jpg\" \/>\n<meta name=\"twitter:card\" content=\"summary_large_image\" \/>\n<meta name=\"twitter:label1\" content=\"Gesch\u00e4tzte Lesezeit\" \/>\n\t<meta name=\"twitter:data1\" content=\"9\u00a0Minuten\" \/>\n<script type=\"application\/ld+json\" class=\"yoast-schema-graph\">{\"@context\":\"https:\/\/schema.org\",\"@graph\":[{\"@type\":\"WebPage\",\"@id\":\"https:\/\/www.gourmetclassic.de\/home\/winzer\/winzer-deutschland\/weinanbaugebiet-pfalz\/\",\"url\":\"https:\/\/www.gourmetclassic.de\/home\/winzer\/winzer-deutschland\/weinanbaugebiet-pfalz\/\",\"name\":\"Weinanbaugebiet Pfalz - Gourmet Classic\",\"isPartOf\":{\"@id\":\"https:\/\/www.gourmetclassic.de\/home\/#website\"},\"primaryImageOfPage\":{\"@id\":\"https:\/\/www.gourmetclassic.de\/home\/winzer\/winzer-deutschland\/weinanbaugebiet-pfalz\/#primaryimage\"},\"image\":{\"@id\":\"https:\/\/www.gourmetclassic.de\/home\/winzer\/winzer-deutschland\/weinanbaugebiet-pfalz\/#primaryimage\"},\"thumbnailUrl\":\"https:\/\/www.gourmetclassic.de\/newsletter\/weingut_reichsrat_von_buhl_250.jpg\",\"datePublished\":\"2021-05-31T13:13:57+00:00\",\"dateModified\":\"2025-01-21T10:28:35+00:00\",\"breadcrumb\":{\"@id\":\"https:\/\/www.gourmetclassic.de\/home\/winzer\/winzer-deutschland\/weinanbaugebiet-pfalz\/#breadcrumb\"},\"inLanguage\":\"de\",\"potentialAction\":[{\"@type\":\"ReadAction\",\"target\":[\"https:\/\/www.gourmetclassic.de\/home\/winzer\/winzer-deutschland\/weinanbaugebiet-pfalz\/\"]}]},{\"@type\":\"ImageObject\",\"inLanguage\":\"de\",\"@id\":\"https:\/\/www.gourmetclassic.de\/home\/winzer\/winzer-deutschland\/weinanbaugebiet-pfalz\/#primaryimage\",\"url\":\"https:\/\/www.gourmetclassic.de\/newsletter\/weingut_reichsrat_von_buhl_250.jpg\",\"contentUrl\":\"https:\/\/www.gourmetclassic.de\/newsletter\/weingut_reichsrat_von_buhl_250.jpg\"},{\"@type\":\"BreadcrumbList\",\"@id\":\"https:\/\/www.gourmetclassic.de\/home\/winzer\/winzer-deutschland\/weinanbaugebiet-pfalz\/#breadcrumb\",\"itemListElement\":[{\"@type\":\"ListItem\",\"position\":1,\"name\":\"Startseite\",\"item\":\"https:\/\/www.gourmetclassic.de\/home\/\"},{\"@type\":\"ListItem\",\"position\":2,\"name\":\"Winzer\",\"item\":\"https:\/\/www.gourmetclassic.de\/home\/winzer\/\"},{\"@type\":\"ListItem\",\"position\":3,\"name\":\"Wir stellen vor &#8211; Winzer aus Deutschland\",\"item\":\"https:\/\/www.gourmetclassic.de\/home\/winzer\/winzer-deutschland\/\"},{\"@type\":\"ListItem\",\"position\":4,\"name\":\"Weinanbaugebiet Pfalz\"}]},{\"@type\":\"WebSite\",\"@id\":\"https:\/\/www.gourmetclassic.de\/home\/#website\",\"url\":\"https:\/\/www.gourmetclassic.de\/home\/\",\"name\":\"Gourmet Classic\",\"description\":\"Portal der gehobenen Gastlichkeit\",\"publisher\":{\"@id\":\"https:\/\/www.gourmetclassic.de\/home\/#organization\"},\"potentialAction\":[{\"@type\":\"SearchAction\",\"target\":{\"@type\":\"EntryPoint\",\"urlTemplate\":\"https:\/\/www.gourmetclassic.de\/home\/?s={search_term_string}\"},\"query-input\":{\"@type\":\"PropertyValueSpecification\",\"valueRequired\":true,\"valueName\":\"search_term_string\"}}],\"inLanguage\":\"de\"},{\"@type\":\"Organization\",\"@id\":\"https:\/\/www.gourmetclassic.de\/home\/#organization\",\"name\":\"Gourmet Classic\",\"url\":\"https:\/\/www.gourmetclassic.de\/home\/\",\"logo\":{\"@type\":\"ImageObject\",\"inLanguage\":\"de\",\"@id\":\"https:\/\/www.gourmetclassic.de\/home\/#\/schema\/logo\/image\/\",\"url\":\"https:\/\/www.gourmetclassic.de\/wp-content\/uploads\/2019\/04\/gourmet-classic-logo.jpg\",\"contentUrl\":\"https:\/\/www.gourmetclassic.de\/wp-content\/uploads\/2019\/04\/gourmet-classic-logo.jpg\",\"width\":253,\"height\":123,\"caption\":\"Gourmet Classic\"},\"image\":{\"@id\":\"https:\/\/www.gourmetclassic.de\/home\/#\/schema\/logo\/image\/\"}}]}<\/script>\n<!-- \/ Yoast SEO plugin. -->","yoast_head_json":{"title":"Weinanbaugebiet Pfalz - Gourmet Classic","robots":{"index":"index","follow":"follow","max-snippet":"max-snippet:-1","max-image-preview":"max-image-preview:large","max-video-preview":"max-video-preview:-1"},"canonical":"https:\/\/www.gourmetclassic.de\/home\/winzer\/winzer-deutschland\/weinanbaugebiet-pfalz\/","og_locale":"de_DE","og_type":"article","og_title":"Weinanbaugebiet Pfalz - Gourmet Classic","og_description":"Unsere Winzerportr\u00e4ts aus dem Weinanbaugebiet Pfalz In unserem Gourmet Classic Journal stellen wir in loser Folge Weing\u00fcter und Sektkellereien aus","og_url":"https:\/\/www.gourmetclassic.de\/home\/winzer\/winzer-deutschland\/weinanbaugebiet-pfalz\/","og_site_name":"Gourmet Classic","article_modified_time":"2025-01-21T10:28:35+00:00","og_image":[{"url":"https:\/\/www.gourmetclassic.de\/newsletter\/weingut_reichsrat_von_buhl_250.jpg","type":"","width":"","height":""}],"twitter_card":"summary_large_image","twitter_misc":{"Gesch\u00e4tzte Lesezeit":"9\u00a0Minuten"},"schema":{"@context":"https:\/\/schema.org","@graph":[{"@type":"WebPage","@id":"https:\/\/www.gourmetclassic.de\/home\/winzer\/winzer-deutschland\/weinanbaugebiet-pfalz\/","url":"https:\/\/www.gourmetclassic.de\/home\/winzer\/winzer-deutschland\/weinanbaugebiet-pfalz\/","name":"Weinanbaugebiet Pfalz - Gourmet Classic","isPartOf":{"@id":"https:\/\/www.gourmetclassic.de\/home\/#website"},"primaryImageOfPage":{"@id":"https:\/\/www.gourmetclassic.de\/home\/winzer\/winzer-deutschland\/weinanbaugebiet-pfalz\/#primaryimage"},"image":{"@id":"https:\/\/www.gourmetclassic.de\/home\/winzer\/winzer-deutschland\/weinanbaugebiet-pfalz\/#primaryimage"},"thumbnailUrl":"https:\/\/www.gourmetclassic.de\/newsletter\/weingut_reichsrat_von_buhl_250.jpg","datePublished":"2021-05-31T13:13:57+00:00","dateModified":"2025-01-21T10:28:35+00:00","breadcrumb":{"@id":"https:\/\/www.gourmetclassic.de\/home\/winzer\/winzer-deutschland\/weinanbaugebiet-pfalz\/#breadcrumb"},"inLanguage":"de","potentialAction":[{"@type":"ReadAction","target":["https:\/\/www.gourmetclassic.de\/home\/winzer\/winzer-deutschland\/weinanbaugebiet-pfalz\/"]}]},{"@type":"ImageObject","inLanguage":"de","@id":"https:\/\/www.gourmetclassic.de\/home\/winzer\/winzer-deutschland\/weinanbaugebiet-pfalz\/#primaryimage","url":"https:\/\/www.gourmetclassic.de\/newsletter\/weingut_reichsrat_von_buhl_250.jpg","contentUrl":"https:\/\/www.gourmetclassic.de\/newsletter\/weingut_reichsrat_von_buhl_250.jpg"},{"@type":"BreadcrumbList","@id":"https:\/\/www.gourmetclassic.de\/home\/winzer\/winzer-deutschland\/weinanbaugebiet-pfalz\/#breadcrumb","itemListElement":[{"@type":"ListItem","position":1,"name":"Startseite","item":"https:\/\/www.gourmetclassic.de\/home\/"},{"@type":"ListItem","position":2,"name":"Winzer","item":"https:\/\/www.gourmetclassic.de\/home\/winzer\/"},{"@type":"ListItem","position":3,"name":"Wir stellen vor &#8211; Winzer aus Deutschland","item":"https:\/\/www.gourmetclassic.de\/home\/winzer\/winzer-deutschland\/"},{"@type":"ListItem","position":4,"name":"Weinanbaugebiet Pfalz"}]},{"@type":"WebSite","@id":"https:\/\/www.gourmetclassic.de\/home\/#website","url":"https:\/\/www.gourmetclassic.de\/home\/","name":"Gourmet Classic","description":"Portal der gehobenen Gastlichkeit","publisher":{"@id":"https:\/\/www.gourmetclassic.de\/home\/#organization"},"potentialAction":[{"@type":"SearchAction","target":{"@type":"EntryPoint","urlTemplate":"https:\/\/www.gourmetclassic.de\/home\/?s={search_term_string}"},"query-input":{"@type":"PropertyValueSpecification","valueRequired":true,"valueName":"search_term_string"}}],"inLanguage":"de"},{"@type":"Organization","@id":"https:\/\/www.gourmetclassic.de\/home\/#organization","name":"Gourmet Classic","url":"https:\/\/www.gourmetclassic.de\/home\/","logo":{"@type":"ImageObject","inLanguage":"de","@id":"https:\/\/www.gourmetclassic.de\/home\/#\/schema\/logo\/image\/","url":"https:\/\/www.gourmetclassic.de\/wp-content\/uploads\/2019\/04\/gourmet-classic-logo.jpg","contentUrl":"https:\/\/www.gourmetclassic.de\/wp-content\/uploads\/2019\/04\/gourmet-classic-logo.jpg","width":253,"height":123,"caption":"Gourmet Classic"},"image":{"@id":"https:\/\/www.gourmetclassic.de\/home\/#\/schema\/logo\/image\/"}}]}},"_links":{"self":[{"href":"https:\/\/www.gourmetclassic.de\/home\/wp-json\/wp\/v2\/pages\/3286"}],"collection":[{"href":"https:\/\/www.gourmetclassic.de\/home\/wp-json\/wp\/v2\/pages"}],"about":[{"href":"https:\/\/www.gourmetclassic.de\/home\/wp-json\/wp\/v2\/types\/page"}],"author":[{"embeddable":true,"href":"https:\/\/www.gourmetclassic.de\/home\/wp-json\/wp\/v2\/users\/1"}],"replies":[{"embeddable":true,"href":"https:\/\/www.gourmetclassic.de\/home\/wp-json\/wp\/v2\/comments?post=3286"}],"version-history":[{"count":13,"href":"https:\/\/www.gourmetclassic.de\/home\/wp-json\/wp\/v2\/pages\/3286\/revisions"}],"predecessor-version":[{"id":4857,"href":"https:\/\/www.gourmetclassic.de\/home\/wp-json\/wp\/v2\/pages\/3286\/revisions\/4857"}],"up":[{"embeddable":true,"href":"https:\/\/www.gourmetclassic.de\/home\/wp-json\/wp\/v2\/pages\/3269"}],"wp:attachment":[{"href":"https:\/\/www.gourmetclassic.de\/home\/wp-json\/wp\/v2\/media?parent=3286"}],"curies":[{"name":"wp","href":"https:\/\/api.w.org\/{rel}","templated":true}]}}