{"id":3319,"date":"2021-06-01T10:10:53","date_gmt":"2021-06-01T08:10:53","guid":{"rendered":"https:\/\/www.gourmetclassic.de\/home\/?page_id=3319"},"modified":"2025-09-02T12:09:59","modified_gmt":"2025-09-02T10:09:59","slug":"weinanbaugebiet-rheingau","status":"publish","type":"page","link":"https:\/\/www.gourmetclassic.de\/home\/winzer\/winzer-deutschland\/weinanbaugebiet-rheingau\/","title":{"rendered":"Weinanbaugebiet Rheingau"},"content":{"rendered":"<h6>Unsere Winzerportr\u00e4ts aus dem Weinanbaugebiet Rheingau<\/h6>\n<p>In unserem Gourmet Classic Journal stellen wir in loser Folge Weing\u00fcter und Sektkellereien aus allen deutschen Anbaugebieten vor. Hier pr\u00e4sentieren wir die Portr\u00e4ts der letzten Jahre aus dem Gebiet des Rheingaus<\/p>\n<ul>\n<li>Familienweingut Leitz in R\u00fcdesheim<\/li>\n<li>Dom\u00e4nenweingut Schloss Sch\u00f6nborn<\/li>\n<li>Weing\u00fcter Wegeler in Oestrich-Winkel<\/li>\n<li>Weingut Georg Breuer in R\u00fcdesheim<\/li>\n<li>Wein- und Sektgut Barth in Hattenheim<\/li>\n<li>Weingut Altenkirch in Lorch, Rheingau<\/li>\n<li>Weingut Kloster Eberbach<\/li>\n<li>Weingut Robert Weil in Kiedrich<\/li>\n<\/ul>\n<hr \/>\n<h5>Familienweingut Leitz R\u00fcdesheim<\/h5>\n<p><a href=\"https:\/\/www.gourmetclassic.de\/newsletter\/leitz_800.jpg\" rel=\"journal\"><img decoding=\"async\" class=\"alignleft\" style=\"margin-top: 8px; margin-bottom: 0px;\" title=\"Familienweingut Leitz aus R\u00fcdesheim am Rhein\" src=\"https:\/\/www.gourmetclassic.de\/newsletter\/leitz_250.jpg\" alt=\"Familienweingut Leitz aus R\u00fcdesheim am Rhein\" width=\"250\" \/><\/a><strong>Tradition und Innovation &#8211; auch alkoholfrei: <\/strong>Als Johannes Leitz 1985 das bis dahin noch im Nebenerwerb gef\u00fchrte Weingut von seiner Mutter \u00fcbernahm, ahnte er nicht, dass dieses kontinuierlich wachsen w\u00fcrde und heute international f\u00fcr sein pr\u00e4zises Terroir bekannt ist. Der bis damals noch recht kleine Familienbetrieb wuchs \u00fcber die Jahre zu einem modernen Weingut mit rund 130 Hektar Rebfl\u00e4che, wovon sich etwa 40 Hektar im Eigenbesitz befinden. Unter der Hand von Johannes Leitz war die Philosophie immer klar: Qualit\u00e4t vor Quantit\u00e4t und eine unersch\u00fctterliche Bindung an das Terroir des Rheinregionals &#8230;<\/p>\n<p><a href=\"https:\/\/www.gourmetclassic.de\/gourmet\/gourmet_post\/pdf\/GJ_2025_09_weingut_leitz.pdf\" target=\"_blank\" rel=\"noopener noreferrer\">Mehr Infos im Artikel des Gourmet Classic Journal Ausgabe September 2025 (pdf)<\/a><\/p>\n<hr \/>\n<h5>Dom\u00e4nenweingut Schloss Sch\u00f6nborn<\/h5>\n<p><a href=\"https:\/\/www.gourmetclassic.de\/newsletter\/schoenborn_800.jpg\" rel=\"journal\"><img decoding=\"async\" class=\"alignleft\" style=\"margin-top: 8px; margin-bottom: 0px;\" title=\"Dom\u00e4nenweingut Schloss Sch\u00f6nborn\" src=\"https:\/\/www.gourmetclassic.de\/newsletter\/schoenborn_250.jpg\" alt=\"Dom\u00e4nenweingut Schloss Sch\u00f6nborn\" width=\"250\" \/><\/a><strong>Tradition im Rheingau:<\/strong> Im Rheingau, dort, wo der Rhein f\u00fcr<br \/>\neinige Kilometer seine S\u00fcd-Nord-Richtung \u00e4ndert und von Osten<br \/>\nnach Westen flie\u00dft, hat sich an den dadurch entstandenen sonnigen S\u00fcdh\u00e4ngen bereits vor Hunderten von Jahren eine Weinkultur herausgebildet, die weltweit ihresgleichen sucht.<br \/>\nKies-, Lehm-, Schiefer- und Quarzitb\u00f6den bilden besonders f\u00fcr den Riesling einen idealen Untergrund und ein absolut einmaliges Terroir. In dieser idyllischen und fruchtbaren Gegend findet sich die erste urkundliche Erw\u00e4hnung \u00fcber Weinbau der Familie Sch\u00f6nborn in Aufzeichnungen aus dem Jahr 1349 mit einem schriftlichen Zahlungsbeleg, der Wein aus der Rheingauer Gemarkung Winkel<br \/>\nerfasst\u00a0 &#8230;<\/p>\n<p><a href=\"https:\/\/www.gourmetclassic.de\/gourmet\/gourmet_post\/pdf\/GJ_2020_02_schoenborn.pdf\" target=\"_blank\" rel=\"noopener noreferrer\">Mehr Infos im Artikel des Gourmet Classic Journal Ausgabe Februar 2020 (pdf)<\/a><\/p>\n<hr \/>\n<h5>Weing\u00fcter Wegeler in Oestrich-Winkel<\/h5>\n<p><a href=\"https:\/\/www.gourmetclassic.de\/newsletter\/wegeler_800.jpg\" rel=\"journal\"><img decoding=\"async\" class=\"alignleft\" style=\"margin-top: 8px; margin-bottom: 0px;\" title=\"Weing\u00fcter Wegeler in Oestrich-Winkel\" src=\"https:\/\/www.gourmetclassic.de\/newsletter\/wegeler_250.jpg\" alt=\"Weing\u00fcter Wegeler in Oestrich-Winkel\" width=\"250\" \/><\/a><strong>Weing\u00fcter Wegeler schreiben die Erfolgsgeschichte des Geisenheimer Rothenbergs fort:<\/strong>\u00a0Gro\u00dfe Weine kommen vom<br \/>\nRhein und von der Mosel. Gro\u00dfe Sekte auch. Den Beweis erbrachte jetzt ein Lagensekt der Weing\u00fcter Wegeler aus dem Geisenheimer Rothenberg. Auf der erstmals ausgeschriebenen Sekt Trophy des Wein-Magazins Falstaff trug der Riesling Sekt 2013 Geisenheimer Rothenberg brut aus der historischen Rheingauer Grand Cru Lage den Sieg davon. Er war f\u00fcr die Jury mit Abstand der Beste in der Kategorie Riesling und erreichte 95 Punkte. Insgesamt waren 122 Sekte angestellt &#8230;<\/p>\n<p><a href=\"https:\/\/www.gourmetclassic.de\/gourmet\/gourmet_post\/pdf\/GJ_2018_04_weingut_wegeler.pdf\" target=\"_blank\" rel=\"noopener noreferrer\">Mehr Infos im Artikel des Gourmet Classic Journal Ausgabe April 2018 (pdf)<\/a><\/p>\n<hr \/>\n<h5>Weingut Georg Breuer in R\u00fcdesheim<\/h5>\n<p><a href=\"https:\/\/www.gourmetclassic.de\/newsletter\/breuer_800.jpg\" rel=\"journal\"><img decoding=\"async\" class=\"alignleft\" style=\"margin-top: 8px; margin-bottom: 0px;\" title=\"Weingut Georg Breuer in R\u00fcdesheim\" src=\"https:\/\/www.gourmetclassic.de\/newsletter\/breuer_250.jpg\" alt=\"Weingut Georg Breuer in R\u00fcdesheim\" width=\"250\" \/><\/a><strong>Beste R\u00fcdesheimer und Rauenthaler Lagen:<\/strong>\u00a0Das 1880 gegr\u00fcndete Weingut Georg Breuer befindet sich seit Anfang des letzten Jahrhunderts im Besitz der Familie Breuer. Georg Breuer, dem der Betrieb seinen heutigen Namen verdankt, baute Export und Gut weiter aus, seine S\u00f6hne Heinrich und Bernhard Breuer und folgend Bernhards Tochter Theresa erweiterten die Rebfl\u00e4che schlie\u00dflich auf 34 Hektar in besten R\u00fcdesheimer und Rauenthaler Lagen. Von den fr\u00fchen 1980er Jahren an konnte das Weingut dank der Visionen und der Arbeit von Bernhard Breuer internationale Anerkennung gewinnen &#8230;<\/p>\n<p><a href=\"https:\/\/www.gourmetclassic.de\/gourmet\/gourmet_post\/pdf\/GJ_2017_05_weingut_breuer.pdf\" target=\"_blank\" rel=\"noopener noreferrer\">Mehr Infos im Artikel des Gourmet Classic Journal Ausgabe Mai 2017 (pdf)<\/a><\/p>\n<hr \/>\n<h5>Wein- und Sektgut Barth in Hattenheim<\/h5>\n<p><a href=\"https:\/\/www.gourmetclassic.de\/newsletter\/barth_800.jpg\" rel=\"journal\"><img decoding=\"async\" class=\"alignleft\" style=\"margin-top: 8px; margin-bottom: 0px;\" title=\"Wein- und Sektgut Barth in Hattenheim\" src=\"https:\/\/www.gourmetclassic.de\/newsletter\/barth_250.jpg\" alt=\"Wein- und Sektgut Barth in Hattenheim\" width=\"250\" \/><\/a><strong>Aus dem Besten das Unvergleichbare machen &#8211;<\/strong> <em>Das Wein- und Sektgut Barth setzt mit dem Sekt \u201eBARTH Primus\u201c neue Ma\u00dfst\u00e4be: <\/em>Das Wein- und Sektgut Barth in Hattenheim ist bekannt f\u00fcr seine erstklassigen Winzersekte, die zu den besten in Deutschland geh\u00f6ren. Mit handwerklichem Geschick, feinem Gesp\u00fcr und Geduld hat Winzer Norbert Barth seinen besten Riesling zu einem der edelsten Sekte reifen lassen \u2013 dem BARTH Primus. Dieser ist deutschlandweit der erste und einzige Sekt, der aus einem Ersten Gew\u00e4chs Wein hergestellt wurde. Erstmalig pr\u00e4sentiert und versteigert wurde der \u201eBARTH Primus\u201c in der Magnumflasche am 25. September 2010 bei der VDP Weinversteigerung im Kloster Eberbach im Rheingau &#8230;<\/p>\n<p><a href=\"https:\/\/www.gourmetclassic.de\/gourmet\/gourmet_post\/pdf\/GJ_2011_08_weingut_barth.pdf\" target=\"_blank\" rel=\"noopener noreferrer\">Mehr Infos im Artikel des Gourmet Classic Journal Ausgabe August 2011 (pdf)<\/a><\/p>\n<hr \/>\n<h5>Weingut Altenkirch in Lorch, Rheingau<\/h5>\n<p><a href=\"https:\/\/www.gourmetclassic.de\/newsletter\/altenkirch_800.jpg\" rel=\"journal\"><img decoding=\"async\" class=\"alignleft\" style=\"margin-top: 8px; margin-bottom: 0px;\" title=\"Weingut Altenkirch in Lorch, Rheingau\" src=\"https:\/\/www.gourmetclassic.de\/newsletter\/altenkirch_250.jpg\" alt=\"Weingut Altenkirch in Lorch, Rheingau\" width=\"250\" \/><\/a><strong>Verf\u00fchrung statt Dogmatik:<\/strong><em>\u00a0<\/em>Zwei Quereinsteiger, ein Weingut und etwa 20 Hektar Steillage am Rhein \u2013 mit dieser Grundausstattung hat das Weingut Friedrich Altenkirch vor rund f\u00fcnf Jahren einen Neustart initiiert. Seitdem haben die Weine aus Lorch nicht nur eingefleischte Rieslingfans begeistert, sondern auch internationale Verkoster auf den weltweit wichtigsten Weinwettbewerben f\u00fcr sich gewonnen. Dabei ist die Leitlinie des Traditionsweingutes fast banal: Die Weine m\u00fcssen vor allem eins \u2013 schmecken. Eine Maschinenbautechnikerin und ein Banker sind nicht unbedingt das, was man sich als die typischen Gesellschafter eines Weingutes vorstellt &#8230;<\/p>\n<p><a href=\"https:\/\/www.gourmetclassic.de\/gourmet\/gourmet_post\/pdf\/GJ_2011_07_altenkirch.pdf\" target=\"_blank\" rel=\"noopener noreferrer\">Mehr Infos im Artikel des Gourmet Classic Journal Ausgabe Juli 2011 (pdf)<\/a><\/p>\n<hr \/>\n<h5>Weingut Kloster Eberbach<\/h5>\n<p><a href=\"https:\/\/www.gourmetclassic.de\/newsletter\/eberbach_800.jpg\" rel=\"journal\"><img decoding=\"async\" class=\"alignleft\" style=\"margin-top: 8px; margin-bottom: 0px;\" title=\"Weingut Kloster Eberbach\" src=\"https:\/\/www.gourmetclassic.de\/newsletter\/eberbach_250.jpg\" alt=\"Weingut Kloster Eberbach\" width=\"250\" \/><\/a><strong>Neun Jahrhunderte Weinkultur:<\/strong> Im Bewusstsein, dass die<br \/>\n\u201eGrundlage\u201c f\u00fcr h\u00f6chste Weinqualit\u00e4t im Weinberg liegt, haben<br \/>\ndie Zisterzienser, Nassauer und Preu\u00dfen beste Weinbergslagen<br \/>\nerworben, wodurch das Weingut \u00fcber einen beispiellos wertvollen<br \/>\nWeinbergsbesitz an der Hessischen Bergstra\u00dfe und im Rheingau<br \/>\nverf\u00fcgt. In den drei Weinkellern des Weingutes in Bensheim,<br \/>\nAssmannshausen und am Steinberg vor den Toren Eberbachs, entstehen Weine mit historischem Qualit\u00e4tsanspruch. Wie auch der in den 920er Jahren errichtete Pinot Noir-Keller in Assmannshausen wurde der 2008 er\u00f6ffnete Steinbergkeller mit einem dreist\u00f6ckigen Kelterhaus erbaut, das die schonendste Kelterung der wertvollen Trauben unter Ausnutzung der nat\u00fcrlichen Schwerkraft erm\u00f6glicht &#8230;<\/p>\n<p><a href=\"https:\/\/www.gourmetclassic.de\/gourmet\/gourmet_post\/pdf\/GJ_2011_06_eberbach.pdf\" target=\"_blank\" rel=\"noopener noreferrer\">Mehr Infos im Artikel des Gourmet Classic Journal Ausgabe Juni 2011 (pdf)<\/a><\/p>\n<hr \/>\n<h5>Weingut Robert Weil in Kiedrich<\/h5>\n<p><a href=\"https:\/\/www.gourmetclassic.de\/newsletter\/weil_800.jpg\" rel=\"journal\"><img decoding=\"async\" class=\"alignleft\" style=\"margin-top: 8px; margin-bottom: 0px;\" title=\"Weingut Robert Weil in Kiedrich\" src=\"https:\/\/www.gourmetclassic.de\/newsletter\/weil_250.jpg\" alt=\"Weingut Robert Weil in Kiedrich\" width=\"250\" \/><\/a><strong>Tradition in der vierten Generation:<\/strong> Das Weingut Robert Weil wird heute in der vierten Generation durch Wilhelm Weil, dem Urenkel des Gr\u00fcnders, Dr. Robert Weil, geleitet. Um Wurzeln zu wissen, das ist Wilhelm Weil wichtig. Traditionen zu wahren, sie gleichzeitig aber auch weiterzuentwickeln, ist die Maxime des Hauses. Auch wenn der Rheingau mit nur 3.100 ha zu den kleineren deutschen Weinanbaugebieten geh\u00f6rt, so weisen seine Weinberge doch eine gro\u00dfe geologische Vielfalt auf. Sie gliedern sich entlang des Rheines in drei Zonen: Weinberge in Rheinn\u00e4he, Weinberge auf dem h\u00f6her gelegenen mittleren Plateau und in der dritten Zone die Weinberge als H\u00f6henlagen an den Ausl\u00e4ufern des Taunusgebirges &#8230;<\/p>\n<p><a href=\"https:\/\/www.gourmetclassic.de\/gourmet\/gourmet_post\/pdf\/GJ_2010_09_weingut_weil.pdf\" target=\"_blank\" rel=\"noopener noreferrer\">Mehr Infos im Artikel des Gourmet Classic Journal Ausgabe September 2010 (pdf)<\/a><\/p>\n","protected":false},"excerpt":{"rendered":"<p>Unsere Winzerportr\u00e4ts aus dem Weinanbaugebiet Rheingau In unserem Gourmet Classic Journal stellen wir in loser Folge Weing\u00fcter und Sektkellereien aus<\/p>\n","protected":false},"author":1,"featured_media":0,"parent":3269,"menu_order":0,"comment_status":"closed","ping_status":"closed","template":"","meta":{"footnotes":""},"class_list":["post-3319","page","type-page","status-publish","hentry"],"yoast_head":"<!-- This site is optimized with the Yoast SEO plugin v25.6 - https:\/\/yoast.com\/wordpress\/plugins\/seo\/ -->\n<title>Weinanbaugebiet Rheingau - Gourmet Classic<\/title>\n<meta name=\"robots\" content=\"index, follow, max-snippet:-1, max-image-preview:large, max-video-preview:-1\" \/>\n<link rel=\"canonical\" href=\"https:\/\/www.gourmetclassic.de\/home\/winzer\/winzer-deutschland\/weinanbaugebiet-rheingau\/\" \/>\n<meta property=\"og:locale\" content=\"de_DE\" \/>\n<meta property=\"og:type\" content=\"article\" \/>\n<meta property=\"og:title\" content=\"Weinanbaugebiet Rheingau - Gourmet Classic\" \/>\n<meta property=\"og:description\" content=\"Unsere Winzerportr\u00e4ts aus dem Weinanbaugebiet Rheingau In unserem Gourmet Classic Journal stellen wir in loser Folge Weing\u00fcter und Sektkellereien aus\" \/>\n<meta property=\"og:url\" content=\"https:\/\/www.gourmetclassic.de\/home\/winzer\/winzer-deutschland\/weinanbaugebiet-rheingau\/\" \/>\n<meta property=\"og:site_name\" content=\"Gourmet Classic\" \/>\n<meta property=\"article:modified_time\" content=\"2025-09-02T10:09:59+00:00\" \/>\n<meta property=\"og:image\" content=\"https:\/\/www.gourmetclassic.de\/newsletter\/leitz_250.jpg\" \/>\n<meta name=\"twitter:card\" content=\"summary_large_image\" \/>\n<meta name=\"twitter:label1\" content=\"Gesch\u00e4tzte Lesezeit\" \/>\n\t<meta name=\"twitter:data1\" content=\"7\u00a0Minuten\" \/>\n<script type=\"application\/ld+json\" class=\"yoast-schema-graph\">{\"@context\":\"https:\/\/schema.org\",\"@graph\":[{\"@type\":\"WebPage\",\"@id\":\"https:\/\/www.gourmetclassic.de\/home\/winzer\/winzer-deutschland\/weinanbaugebiet-rheingau\/\",\"url\":\"https:\/\/www.gourmetclassic.de\/home\/winzer\/winzer-deutschland\/weinanbaugebiet-rheingau\/\",\"name\":\"Weinanbaugebiet Rheingau - Gourmet Classic\",\"isPartOf\":{\"@id\":\"https:\/\/www.gourmetclassic.de\/home\/#website\"},\"primaryImageOfPage\":{\"@id\":\"https:\/\/www.gourmetclassic.de\/home\/winzer\/winzer-deutschland\/weinanbaugebiet-rheingau\/#primaryimage\"},\"image\":{\"@id\":\"https:\/\/www.gourmetclassic.de\/home\/winzer\/winzer-deutschland\/weinanbaugebiet-rheingau\/#primaryimage\"},\"thumbnailUrl\":\"https:\/\/www.gourmetclassic.de\/newsletter\/leitz_250.jpg\",\"datePublished\":\"2021-06-01T08:10:53+00:00\",\"dateModified\":\"2025-09-02T10:09:59+00:00\",\"breadcrumb\":{\"@id\":\"https:\/\/www.gourmetclassic.de\/home\/winzer\/winzer-deutschland\/weinanbaugebiet-rheingau\/#breadcrumb\"},\"inLanguage\":\"de\",\"potentialAction\":[{\"@type\":\"ReadAction\",\"target\":[\"https:\/\/www.gourmetclassic.de\/home\/winzer\/winzer-deutschland\/weinanbaugebiet-rheingau\/\"]}]},{\"@type\":\"ImageObject\",\"inLanguage\":\"de\",\"@id\":\"https:\/\/www.gourmetclassic.de\/home\/winzer\/winzer-deutschland\/weinanbaugebiet-rheingau\/#primaryimage\",\"url\":\"https:\/\/www.gourmetclassic.de\/newsletter\/leitz_250.jpg\",\"contentUrl\":\"https:\/\/www.gourmetclassic.de\/newsletter\/leitz_250.jpg\"},{\"@type\":\"BreadcrumbList\",\"@id\":\"https:\/\/www.gourmetclassic.de\/home\/winzer\/winzer-deutschland\/weinanbaugebiet-rheingau\/#breadcrumb\",\"itemListElement\":[{\"@type\":\"ListItem\",\"position\":1,\"name\":\"Startseite\",\"item\":\"https:\/\/www.gourmetclassic.de\/home\/\"},{\"@type\":\"ListItem\",\"position\":2,\"name\":\"Winzer\",\"item\":\"https:\/\/www.gourmetclassic.de\/home\/winzer\/\"},{\"@type\":\"ListItem\",\"position\":3,\"name\":\"Wir stellen vor &#8211; Winzer aus Deutschland\",\"item\":\"https:\/\/www.gourmetclassic.de\/home\/winzer\/winzer-deutschland\/\"},{\"@type\":\"ListItem\",\"position\":4,\"name\":\"Weinanbaugebiet Rheingau\"}]},{\"@type\":\"WebSite\",\"@id\":\"https:\/\/www.gourmetclassic.de\/home\/#website\",\"url\":\"https:\/\/www.gourmetclassic.de\/home\/\",\"name\":\"Gourmet Classic\",\"description\":\"Portal der gehobenen Gastlichkeit\",\"publisher\":{\"@id\":\"https:\/\/www.gourmetclassic.de\/home\/#organization\"},\"potentialAction\":[{\"@type\":\"SearchAction\",\"target\":{\"@type\":\"EntryPoint\",\"urlTemplate\":\"https:\/\/www.gourmetclassic.de\/home\/?s={search_term_string}\"},\"query-input\":{\"@type\":\"PropertyValueSpecification\",\"valueRequired\":true,\"valueName\":\"search_term_string\"}}],\"inLanguage\":\"de\"},{\"@type\":\"Organization\",\"@id\":\"https:\/\/www.gourmetclassic.de\/home\/#organization\",\"name\":\"Gourmet Classic\",\"url\":\"https:\/\/www.gourmetclassic.de\/home\/\",\"logo\":{\"@type\":\"ImageObject\",\"inLanguage\":\"de\",\"@id\":\"https:\/\/www.gourmetclassic.de\/home\/#\/schema\/logo\/image\/\",\"url\":\"https:\/\/www.gourmetclassic.de\/wp-content\/uploads\/2019\/04\/gourmet-classic-logo.jpg\",\"contentUrl\":\"https:\/\/www.gourmetclassic.de\/wp-content\/uploads\/2019\/04\/gourmet-classic-logo.jpg\",\"width\":253,\"height\":123,\"caption\":\"Gourmet Classic\"},\"image\":{\"@id\":\"https:\/\/www.gourmetclassic.de\/home\/#\/schema\/logo\/image\/\"}}]}<\/script>\n<!-- \/ Yoast SEO plugin. -->","yoast_head_json":{"title":"Weinanbaugebiet Rheingau - Gourmet Classic","robots":{"index":"index","follow":"follow","max-snippet":"max-snippet:-1","max-image-preview":"max-image-preview:large","max-video-preview":"max-video-preview:-1"},"canonical":"https:\/\/www.gourmetclassic.de\/home\/winzer\/winzer-deutschland\/weinanbaugebiet-rheingau\/","og_locale":"de_DE","og_type":"article","og_title":"Weinanbaugebiet Rheingau - Gourmet Classic","og_description":"Unsere Winzerportr\u00e4ts aus dem Weinanbaugebiet Rheingau In unserem Gourmet Classic Journal stellen wir in loser Folge Weing\u00fcter und Sektkellereien aus","og_url":"https:\/\/www.gourmetclassic.de\/home\/winzer\/winzer-deutschland\/weinanbaugebiet-rheingau\/","og_site_name":"Gourmet Classic","article_modified_time":"2025-09-02T10:09:59+00:00","og_image":[{"url":"https:\/\/www.gourmetclassic.de\/newsletter\/leitz_250.jpg","type":"","width":"","height":""}],"twitter_card":"summary_large_image","twitter_misc":{"Gesch\u00e4tzte Lesezeit":"7\u00a0Minuten"},"schema":{"@context":"https:\/\/schema.org","@graph":[{"@type":"WebPage","@id":"https:\/\/www.gourmetclassic.de\/home\/winzer\/winzer-deutschland\/weinanbaugebiet-rheingau\/","url":"https:\/\/www.gourmetclassic.de\/home\/winzer\/winzer-deutschland\/weinanbaugebiet-rheingau\/","name":"Weinanbaugebiet Rheingau - Gourmet Classic","isPartOf":{"@id":"https:\/\/www.gourmetclassic.de\/home\/#website"},"primaryImageOfPage":{"@id":"https:\/\/www.gourmetclassic.de\/home\/winzer\/winzer-deutschland\/weinanbaugebiet-rheingau\/#primaryimage"},"image":{"@id":"https:\/\/www.gourmetclassic.de\/home\/winzer\/winzer-deutschland\/weinanbaugebiet-rheingau\/#primaryimage"},"thumbnailUrl":"https:\/\/www.gourmetclassic.de\/newsletter\/leitz_250.jpg","datePublished":"2021-06-01T08:10:53+00:00","dateModified":"2025-09-02T10:09:59+00:00","breadcrumb":{"@id":"https:\/\/www.gourmetclassic.de\/home\/winzer\/winzer-deutschland\/weinanbaugebiet-rheingau\/#breadcrumb"},"inLanguage":"de","potentialAction":[{"@type":"ReadAction","target":["https:\/\/www.gourmetclassic.de\/home\/winzer\/winzer-deutschland\/weinanbaugebiet-rheingau\/"]}]},{"@type":"ImageObject","inLanguage":"de","@id":"https:\/\/www.gourmetclassic.de\/home\/winzer\/winzer-deutschland\/weinanbaugebiet-rheingau\/#primaryimage","url":"https:\/\/www.gourmetclassic.de\/newsletter\/leitz_250.jpg","contentUrl":"https:\/\/www.gourmetclassic.de\/newsletter\/leitz_250.jpg"},{"@type":"BreadcrumbList","@id":"https:\/\/www.gourmetclassic.de\/home\/winzer\/winzer-deutschland\/weinanbaugebiet-rheingau\/#breadcrumb","itemListElement":[{"@type":"ListItem","position":1,"name":"Startseite","item":"https:\/\/www.gourmetclassic.de\/home\/"},{"@type":"ListItem","position":2,"name":"Winzer","item":"https:\/\/www.gourmetclassic.de\/home\/winzer\/"},{"@type":"ListItem","position":3,"name":"Wir stellen vor &#8211; Winzer aus Deutschland","item":"https:\/\/www.gourmetclassic.de\/home\/winzer\/winzer-deutschland\/"},{"@type":"ListItem","position":4,"name":"Weinanbaugebiet Rheingau"}]},{"@type":"WebSite","@id":"https:\/\/www.gourmetclassic.de\/home\/#website","url":"https:\/\/www.gourmetclassic.de\/home\/","name":"Gourmet Classic","description":"Portal der gehobenen Gastlichkeit","publisher":{"@id":"https:\/\/www.gourmetclassic.de\/home\/#organization"},"potentialAction":[{"@type":"SearchAction","target":{"@type":"EntryPoint","urlTemplate":"https:\/\/www.gourmetclassic.de\/home\/?s={search_term_string}"},"query-input":{"@type":"PropertyValueSpecification","valueRequired":true,"valueName":"search_term_string"}}],"inLanguage":"de"},{"@type":"Organization","@id":"https:\/\/www.gourmetclassic.de\/home\/#organization","name":"Gourmet Classic","url":"https:\/\/www.gourmetclassic.de\/home\/","logo":{"@type":"ImageObject","inLanguage":"de","@id":"https:\/\/www.gourmetclassic.de\/home\/#\/schema\/logo\/image\/","url":"https:\/\/www.gourmetclassic.de\/wp-content\/uploads\/2019\/04\/gourmet-classic-logo.jpg","contentUrl":"https:\/\/www.gourmetclassic.de\/wp-content\/uploads\/2019\/04\/gourmet-classic-logo.jpg","width":253,"height":123,"caption":"Gourmet Classic"},"image":{"@id":"https:\/\/www.gourmetclassic.de\/home\/#\/schema\/logo\/image\/"}}]}},"_links":{"self":[{"href":"https:\/\/www.gourmetclassic.de\/home\/wp-json\/wp\/v2\/pages\/3319"}],"collection":[{"href":"https:\/\/www.gourmetclassic.de\/home\/wp-json\/wp\/v2\/pages"}],"about":[{"href":"https:\/\/www.gourmetclassic.de\/home\/wp-json\/wp\/v2\/types\/page"}],"author":[{"embeddable":true,"href":"https:\/\/www.gourmetclassic.de\/home\/wp-json\/wp\/v2\/users\/1"}],"replies":[{"embeddable":true,"href":"https:\/\/www.gourmetclassic.de\/home\/wp-json\/wp\/v2\/comments?post=3319"}],"version-history":[{"count":10,"href":"https:\/\/www.gourmetclassic.de\/home\/wp-json\/wp\/v2\/pages\/3319\/revisions"}],"predecessor-version":[{"id":4996,"href":"https:\/\/www.gourmetclassic.de\/home\/wp-json\/wp\/v2\/pages\/3319\/revisions\/4996"}],"up":[{"embeddable":true,"href":"https:\/\/www.gourmetclassic.de\/home\/wp-json\/wp\/v2\/pages\/3269"}],"wp:attachment":[{"href":"https:\/\/www.gourmetclassic.de\/home\/wp-json\/wp\/v2\/media?parent=3319"}],"curies":[{"name":"wp","href":"https:\/\/api.w.org\/{rel}","templated":true}]}}