{"id":398,"date":"2019-04-17T13:23:56","date_gmt":"2019-04-17T11:23:56","guid":{"rendered":"https:\/\/www.gourmetclassic.de\/home\/?page_id=398"},"modified":"2024-01-30T14:52:03","modified_gmt":"2024-01-30T13:52:03","slug":"schwaebisch-fraenkischer-wald","status":"publish","type":"page","link":"https:\/\/www.gourmetclassic.de\/home\/regionen\/regionen-in-deutschland\/schwaebisch-fraenkischer-wald\/","title":{"rendered":"Schw\u00e4bisch-Fr\u00e4nkischer Wald"},"content":{"rendered":"<p><img loading=\"lazy\" decoding=\"async\" class=\"alignnone size-full wp-image-1839\" title=\"Schw\u00e4bisch-Fr\u00e4nkischer Wald - Burg Lichtenberg\" src=\"https:\/\/www.gourmetclassic.de\/wp-content\/uploads\/2020\/06\/schwaebisch-fraenkischer-wald-burg-lichtenberg.jpg\" alt=\"Schw\u00e4bisch-Fr\u00e4nkischer Wald - Burg Lichtenberg\" width=\"1920\" height=\"800\" srcset=\"https:\/\/www.gourmetclassic.de\/wp-content\/uploads\/2020\/06\/schwaebisch-fraenkischer-wald-burg-lichtenberg.jpg 1920w, https:\/\/www.gourmetclassic.de\/wp-content\/uploads\/2020\/06\/schwaebisch-fraenkischer-wald-burg-lichtenberg-768x320.jpg 768w, https:\/\/www.gourmetclassic.de\/wp-content\/uploads\/2020\/06\/schwaebisch-fraenkischer-wald-burg-lichtenberg-1536x640.jpg 1536w\" sizes=\"(max-width: 1920px) 100vw, 1920px\" \/><\/p>\n<p><img loading=\"lazy\" decoding=\"async\" class=\"size-full wp-image-1478 alignleft\" title=\"Schw\u00e4bisch-Fr\u00e4nkischer Wald\" src=\"https:\/\/www.gourmetclassic.de\/wp-content\/uploads\/2020\/05\/schwaebisch-frankische-hoehe_400.png\" alt=\"Schw\u00e4bisch-Fr\u00e4nkischer Wald\" width=\"400\" height=\"400\" \/>Die Schw\u00e4bisch-Fr\u00e4nkischen Waldberge (auch Schw\u00e4bisch-Fr\u00e4nkischer Wald) sind ein 1187 km\u00b2 gro\u00dfes, \u00fcberwiegend bewaldetes, stark gegliedertes und bis 586,9 m \u00fc. NHN hohes Bergland im Nordosten von Baden-W\u00fcrttemberg. Der Name r\u00fchrt daher, dass im Mittelalter die Grenze zwischen den Herzogt\u00fcmern Franken und Schwaben dieses Waldgebiet durchschnitt. Noch heute st\u00f6\u00dft hier schw\u00e4bisches Mundartgebiet im S\u00fcden an ostfr\u00e4nkisches und s\u00fcdfr\u00e4nkisches im Norden.<\/p>\n<p>Der Naturraum Schw\u00e4bisch-Fr\u00e4nkische Waldberge ist der n\u00f6rdlichste Teil des Keuperberglands innerhalb von Baden-W\u00fcrttemberg, welches sich von der Baar an der Grenze zur Schweiz im S\u00fcdwesten bis zu den Hassbergen in Bayern im Nordosten erstreckt.<\/p>\n<p>Benachbarte Naturr\u00e4ume sind im Westen das Neckarbecken, im Norden die Hohenloher-Haller Ebene, im Osten die Frankenh\u00f6he und das Mittelfr\u00e4nkische Becken, im S\u00fcden das \u00d6stliche Albvorland sowie Schurwald und Welzheimer Wald.<\/p>\n<p>Die Schw\u00e4bisch-Fr\u00e4nkischen Waldberge werden im Norden begrenzt durch die Orte Neckarsulm, Waldenburg und Schw\u00e4bisch Hall, im Osten durch Crailsheim und Ellwangen, im S\u00fcden durch Abtsgm\u00fcnd, Gschwend und Alth\u00fctte, und im Westen durch Backnang, Oberstenfeld und Heilbronn. Sie liegen auf dem Gebiet der Landkreise Ludwigsburg, Heilbronn, Schw\u00e4bisch Hall, des Hohenlohekreises, des Rems-Murr-Kreises und des Ostalbkreises. Westlich des Kochers sind die Schw\u00e4bisch-Fr\u00e4nkischen Waldberge weit \u00fcberwiegend Teil des Naturparks Schw\u00e4bisch-Fr\u00e4nkischer Wald. (Quelle: <a href=\"https:\/\/de.wikipedia.org\/wiki\/Schw\u00e4bisch-Fr\u00e4nkische_Waldberge\" target=\"_blank\" rel=\"noopener noreferrer\">Wikipedia<\/a>)<\/p>\n<div id=\"footable_parent_3874\"\n         class=\" footable_parent ninja_table_wrapper loading_ninja_table wp_table_data_press_parent semantic_ui \">\n                <table data-ninja_table_instance=\"ninja_table_instance_0\" data-footable_id=\"3874\" data-filter-delay=\"1000\" aria-label=\"Rest-DE-kopie\"            id=\"footable_3874\"\n           data-unique_identifier=\"ninja_table_unique_id_1151764116_3874\"\n           class=\" foo-table ninja_footable foo_table_3874 ninja_table_unique_id_1151764116_3874 ui table  ninja_has_count_format ninja_search_right nt_type_ajax_table selectable striped vertical_centered  footable-paging-right ninja_table_pro ninja_table_afd_columns ninja_table_afcs_columns_2 ninja_table_afcl_new_line ninja_table_has_custom_filter\">\n                <colgroup>\n                            <col class=\"ninja_column_0 \">\n                            <col class=\"ninja_column_1 \">\n                            <col class=\"ninja_column_2 \">\n                            <col class=\"ninja_column_3 \">\n                            <col class=\"ninja_column_4 \">\n                            <col class=\"ninja_column_5 \">\n                            <col class=\"ninja_column_6 \">\n                            <col class=\"ninja_column_7 xs sm md lg\">\n                            <col class=\"ninja_column_8 \">\n                            <col class=\"ninja_column_9 xs sm md lg\">\n                            <col class=\"ninja_column_10 \">\n                            <col class=\"ninja_column_11 \">\n                            <col class=\"ninja_column_12 xs sm md lg\">\n                            <col class=\"ninja_column_13 xs sm md lg\">\n                    <\/colgroup>\n            <\/table>\n    \n    \n    \n<\/div>\n\n","protected":false},"excerpt":{"rendered":"<p>Die Schw\u00e4bisch-Fr\u00e4nkischen Waldberge (auch Schw\u00e4bisch-Fr\u00e4nkischer Wald) sind ein 1187 km\u00b2 gro\u00dfes, \u00fcberwiegend bewaldetes, stark gegliedertes und bis 586,9 m \u00fc.<\/p>\n","protected":false},"author":1,"featured_media":0,"parent":151,"menu_order":0,"comment_status":"closed","ping_status":"closed","template":"","meta":{"footnotes":""},"class_list":["post-398","page","type-page","status-publish","hentry"],"yoast_head":"<!-- This site is optimized with the Yoast SEO plugin v25.6 - https:\/\/yoast.com\/wordpress\/plugins\/seo\/ -->\n<title>Schw\u00e4bisch-Fr\u00e4nkischer Wald - Gourmet Classic<\/title>\n<meta name=\"robots\" content=\"index, follow, max-snippet:-1, max-image-preview:large, max-video-preview:-1\" \/>\n<link rel=\"canonical\" href=\"https:\/\/www.gourmetclassic.de\/home\/regionen\/regionen-in-deutschland\/schwaebisch-fraenkischer-wald\/\" \/>\n<meta property=\"og:locale\" content=\"de_DE\" \/>\n<meta property=\"og:type\" content=\"article\" \/>\n<meta property=\"og:title\" content=\"Schw\u00e4bisch-Fr\u00e4nkischer Wald - Gourmet Classic\" \/>\n<meta property=\"og:description\" content=\"Die Schw\u00e4bisch-Fr\u00e4nkischen Waldberge (auch Schw\u00e4bisch-Fr\u00e4nkischer Wald) sind ein 1187 km\u00b2 gro\u00dfes, \u00fcberwiegend bewaldetes, stark gegliedertes und bis 586,9 m \u00fc.\" \/>\n<meta property=\"og:url\" content=\"https:\/\/www.gourmetclassic.de\/home\/regionen\/regionen-in-deutschland\/schwaebisch-fraenkischer-wald\/\" \/>\n<meta property=\"og:site_name\" content=\"Gourmet Classic\" \/>\n<meta property=\"article:modified_time\" content=\"2024-01-30T13:52:03+00:00\" \/>\n<meta property=\"og:image\" content=\"https:\/\/www.gourmetclassic.de\/wp-content\/uploads\/2020\/06\/schwaebisch-fraenkischer-wald-burg-lichtenberg.jpg\" \/>\n<meta name=\"twitter:card\" content=\"summary_large_image\" \/>\n<meta name=\"twitter:label1\" content=\"Gesch\u00e4tzte Lesezeit\" \/>\n\t<meta name=\"twitter:data1\" content=\"2\u00a0Minuten\" \/>\n<script type=\"application\/ld+json\" class=\"yoast-schema-graph\">{\"@context\":\"https:\/\/schema.org\",\"@graph\":[{\"@type\":\"WebPage\",\"@id\":\"https:\/\/www.gourmetclassic.de\/home\/regionen\/regionen-in-deutschland\/schwaebisch-fraenkischer-wald\/\",\"url\":\"https:\/\/www.gourmetclassic.de\/home\/regionen\/regionen-in-deutschland\/schwaebisch-fraenkischer-wald\/\",\"name\":\"Schw\u00e4bisch-Fr\u00e4nkischer Wald - Gourmet Classic\",\"isPartOf\":{\"@id\":\"https:\/\/www.gourmetclassic.de\/home\/#website\"},\"primaryImageOfPage\":{\"@id\":\"https:\/\/www.gourmetclassic.de\/home\/regionen\/regionen-in-deutschland\/schwaebisch-fraenkischer-wald\/#primaryimage\"},\"image\":{\"@id\":\"https:\/\/www.gourmetclassic.de\/home\/regionen\/regionen-in-deutschland\/schwaebisch-fraenkischer-wald\/#primaryimage\"},\"thumbnailUrl\":\"https:\/\/www.gourmetclassic.de\/wp-content\/uploads\/2020\/06\/schwaebisch-fraenkischer-wald-burg-lichtenberg.jpg\",\"datePublished\":\"2019-04-17T11:23:56+00:00\",\"dateModified\":\"2024-01-30T13:52:03+00:00\",\"breadcrumb\":{\"@id\":\"https:\/\/www.gourmetclassic.de\/home\/regionen\/regionen-in-deutschland\/schwaebisch-fraenkischer-wald\/#breadcrumb\"},\"inLanguage\":\"de\",\"potentialAction\":[{\"@type\":\"ReadAction\",\"target\":[\"https:\/\/www.gourmetclassic.de\/home\/regionen\/regionen-in-deutschland\/schwaebisch-fraenkischer-wald\/\"]}]},{\"@type\":\"ImageObject\",\"inLanguage\":\"de\",\"@id\":\"https:\/\/www.gourmetclassic.de\/home\/regionen\/regionen-in-deutschland\/schwaebisch-fraenkischer-wald\/#primaryimage\",\"url\":\"https:\/\/www.gourmetclassic.de\/wp-content\/uploads\/2020\/06\/schwaebisch-fraenkischer-wald-burg-lichtenberg.jpg\",\"contentUrl\":\"https:\/\/www.gourmetclassic.de\/wp-content\/uploads\/2020\/06\/schwaebisch-fraenkischer-wald-burg-lichtenberg.jpg\"},{\"@type\":\"BreadcrumbList\",\"@id\":\"https:\/\/www.gourmetclassic.de\/home\/regionen\/regionen-in-deutschland\/schwaebisch-fraenkischer-wald\/#breadcrumb\",\"itemListElement\":[{\"@type\":\"ListItem\",\"position\":1,\"name\":\"Startseite\",\"item\":\"https:\/\/www.gourmetclassic.de\/home\/\"},{\"@type\":\"ListItem\",\"position\":2,\"name\":\"Suche nach Restaurants\/Hotels in Regionen\",\"item\":\"https:\/\/www.gourmetclassic.de\/home\/regionen\/\"},{\"@type\":\"ListItem\",\"position\":3,\"name\":\"Regionen in Deutschland\",\"item\":\"https:\/\/www.gourmetclassic.de\/home\/regionen\/regionen-in-deutschland\/\"},{\"@type\":\"ListItem\",\"position\":4,\"name\":\"Schw\u00e4bisch-Fr\u00e4nkischer Wald\"}]},{\"@type\":\"WebSite\",\"@id\":\"https:\/\/www.gourmetclassic.de\/home\/#website\",\"url\":\"https:\/\/www.gourmetclassic.de\/home\/\",\"name\":\"Gourmet Classic\",\"description\":\"Portal der gehobenen Gastlichkeit\",\"publisher\":{\"@id\":\"https:\/\/www.gourmetclassic.de\/home\/#organization\"},\"potentialAction\":[{\"@type\":\"SearchAction\",\"target\":{\"@type\":\"EntryPoint\",\"urlTemplate\":\"https:\/\/www.gourmetclassic.de\/home\/?s={search_term_string}\"},\"query-input\":{\"@type\":\"PropertyValueSpecification\",\"valueRequired\":true,\"valueName\":\"search_term_string\"}}],\"inLanguage\":\"de\"},{\"@type\":\"Organization\",\"@id\":\"https:\/\/www.gourmetclassic.de\/home\/#organization\",\"name\":\"Gourmet Classic\",\"url\":\"https:\/\/www.gourmetclassic.de\/home\/\",\"logo\":{\"@type\":\"ImageObject\",\"inLanguage\":\"de\",\"@id\":\"https:\/\/www.gourmetclassic.de\/home\/#\/schema\/logo\/image\/\",\"url\":\"https:\/\/www.gourmetclassic.de\/wp-content\/uploads\/2019\/04\/gourmet-classic-logo.jpg\",\"contentUrl\":\"https:\/\/www.gourmetclassic.de\/wp-content\/uploads\/2019\/04\/gourmet-classic-logo.jpg\",\"width\":253,\"height\":123,\"caption\":\"Gourmet Classic\"},\"image\":{\"@id\":\"https:\/\/www.gourmetclassic.de\/home\/#\/schema\/logo\/image\/\"}}]}<\/script>\n<!-- \/ Yoast SEO plugin. -->","yoast_head_json":{"title":"Schw\u00e4bisch-Fr\u00e4nkischer Wald - Gourmet Classic","robots":{"index":"index","follow":"follow","max-snippet":"max-snippet:-1","max-image-preview":"max-image-preview:large","max-video-preview":"max-video-preview:-1"},"canonical":"https:\/\/www.gourmetclassic.de\/home\/regionen\/regionen-in-deutschland\/schwaebisch-fraenkischer-wald\/","og_locale":"de_DE","og_type":"article","og_title":"Schw\u00e4bisch-Fr\u00e4nkischer Wald - Gourmet Classic","og_description":"Die Schw\u00e4bisch-Fr\u00e4nkischen Waldberge (auch Schw\u00e4bisch-Fr\u00e4nkischer Wald) sind ein 1187 km\u00b2 gro\u00dfes, \u00fcberwiegend bewaldetes, stark gegliedertes und bis 586,9 m \u00fc.","og_url":"https:\/\/www.gourmetclassic.de\/home\/regionen\/regionen-in-deutschland\/schwaebisch-fraenkischer-wald\/","og_site_name":"Gourmet Classic","article_modified_time":"2024-01-30T13:52:03+00:00","og_image":[{"url":"https:\/\/www.gourmetclassic.de\/wp-content\/uploads\/2020\/06\/schwaebisch-fraenkischer-wald-burg-lichtenberg.jpg","type":"","width":"","height":""}],"twitter_card":"summary_large_image","twitter_misc":{"Gesch\u00e4tzte Lesezeit":"2\u00a0Minuten"},"schema":{"@context":"https:\/\/schema.org","@graph":[{"@type":"WebPage","@id":"https:\/\/www.gourmetclassic.de\/home\/regionen\/regionen-in-deutschland\/schwaebisch-fraenkischer-wald\/","url":"https:\/\/www.gourmetclassic.de\/home\/regionen\/regionen-in-deutschland\/schwaebisch-fraenkischer-wald\/","name":"Schw\u00e4bisch-Fr\u00e4nkischer Wald - Gourmet Classic","isPartOf":{"@id":"https:\/\/www.gourmetclassic.de\/home\/#website"},"primaryImageOfPage":{"@id":"https:\/\/www.gourmetclassic.de\/home\/regionen\/regionen-in-deutschland\/schwaebisch-fraenkischer-wald\/#primaryimage"},"image":{"@id":"https:\/\/www.gourmetclassic.de\/home\/regionen\/regionen-in-deutschland\/schwaebisch-fraenkischer-wald\/#primaryimage"},"thumbnailUrl":"https:\/\/www.gourmetclassic.de\/wp-content\/uploads\/2020\/06\/schwaebisch-fraenkischer-wald-burg-lichtenberg.jpg","datePublished":"2019-04-17T11:23:56+00:00","dateModified":"2024-01-30T13:52:03+00:00","breadcrumb":{"@id":"https:\/\/www.gourmetclassic.de\/home\/regionen\/regionen-in-deutschland\/schwaebisch-fraenkischer-wald\/#breadcrumb"},"inLanguage":"de","potentialAction":[{"@type":"ReadAction","target":["https:\/\/www.gourmetclassic.de\/home\/regionen\/regionen-in-deutschland\/schwaebisch-fraenkischer-wald\/"]}]},{"@type":"ImageObject","inLanguage":"de","@id":"https:\/\/www.gourmetclassic.de\/home\/regionen\/regionen-in-deutschland\/schwaebisch-fraenkischer-wald\/#primaryimage","url":"https:\/\/www.gourmetclassic.de\/wp-content\/uploads\/2020\/06\/schwaebisch-fraenkischer-wald-burg-lichtenberg.jpg","contentUrl":"https:\/\/www.gourmetclassic.de\/wp-content\/uploads\/2020\/06\/schwaebisch-fraenkischer-wald-burg-lichtenberg.jpg"},{"@type":"BreadcrumbList","@id":"https:\/\/www.gourmetclassic.de\/home\/regionen\/regionen-in-deutschland\/schwaebisch-fraenkischer-wald\/#breadcrumb","itemListElement":[{"@type":"ListItem","position":1,"name":"Startseite","item":"https:\/\/www.gourmetclassic.de\/home\/"},{"@type":"ListItem","position":2,"name":"Suche nach Restaurants\/Hotels in Regionen","item":"https:\/\/www.gourmetclassic.de\/home\/regionen\/"},{"@type":"ListItem","position":3,"name":"Regionen in Deutschland","item":"https:\/\/www.gourmetclassic.de\/home\/regionen\/regionen-in-deutschland\/"},{"@type":"ListItem","position":4,"name":"Schw\u00e4bisch-Fr\u00e4nkischer Wald"}]},{"@type":"WebSite","@id":"https:\/\/www.gourmetclassic.de\/home\/#website","url":"https:\/\/www.gourmetclassic.de\/home\/","name":"Gourmet Classic","description":"Portal der gehobenen Gastlichkeit","publisher":{"@id":"https:\/\/www.gourmetclassic.de\/home\/#organization"},"potentialAction":[{"@type":"SearchAction","target":{"@type":"EntryPoint","urlTemplate":"https:\/\/www.gourmetclassic.de\/home\/?s={search_term_string}"},"query-input":{"@type":"PropertyValueSpecification","valueRequired":true,"valueName":"search_term_string"}}],"inLanguage":"de"},{"@type":"Organization","@id":"https:\/\/www.gourmetclassic.de\/home\/#organization","name":"Gourmet Classic","url":"https:\/\/www.gourmetclassic.de\/home\/","logo":{"@type":"ImageObject","inLanguage":"de","@id":"https:\/\/www.gourmetclassic.de\/home\/#\/schema\/logo\/image\/","url":"https:\/\/www.gourmetclassic.de\/wp-content\/uploads\/2019\/04\/gourmet-classic-logo.jpg","contentUrl":"https:\/\/www.gourmetclassic.de\/wp-content\/uploads\/2019\/04\/gourmet-classic-logo.jpg","width":253,"height":123,"caption":"Gourmet Classic"},"image":{"@id":"https:\/\/www.gourmetclassic.de\/home\/#\/schema\/logo\/image\/"}}]}},"_links":{"self":[{"href":"https:\/\/www.gourmetclassic.de\/home\/wp-json\/wp\/v2\/pages\/398"}],"collection":[{"href":"https:\/\/www.gourmetclassic.de\/home\/wp-json\/wp\/v2\/pages"}],"about":[{"href":"https:\/\/www.gourmetclassic.de\/home\/wp-json\/wp\/v2\/types\/page"}],"author":[{"embeddable":true,"href":"https:\/\/www.gourmetclassic.de\/home\/wp-json\/wp\/v2\/users\/1"}],"replies":[{"embeddable":true,"href":"https:\/\/www.gourmetclassic.de\/home\/wp-json\/wp\/v2\/comments?post=398"}],"version-history":[{"count":5,"href":"https:\/\/www.gourmetclassic.de\/home\/wp-json\/wp\/v2\/pages\/398\/revisions"}],"predecessor-version":[{"id":4542,"href":"https:\/\/www.gourmetclassic.de\/home\/wp-json\/wp\/v2\/pages\/398\/revisions\/4542"}],"up":[{"embeddable":true,"href":"https:\/\/www.gourmetclassic.de\/home\/wp-json\/wp\/v2\/pages\/151"}],"wp:attachment":[{"href":"https:\/\/www.gourmetclassic.de\/home\/wp-json\/wp\/v2\/media?parent=398"}],"curies":[{"name":"wp","href":"https:\/\/api.w.org\/{rel}","templated":true}]}}