{"id":58,"date":"2019-04-10T10:54:12","date_gmt":"2019-04-10T08:54:12","guid":{"rendered":"https:\/\/www.gourmetclassic.de\/home\/?page_id=58"},"modified":"2020-07-01T13:54:10","modified_gmt":"2020-07-01T11:54:10","slug":"abo-gourmet-journal","status":"publish","type":"page","link":"https:\/\/www.gourmetclassic.de\/home\/gourmet-classic-journal\/abo-gourmet-journal\/","title":{"rendered":"Abo Gourmet Classic Journal"},"content":{"rendered":"<h5>Anmeldung f\u00fcr Abonnement Gourmet Classic Journal<\/h5>\n<p>Sie m\u00f6chten Neuigkeiten aus der Welt der gehobenen Gastronomie erfahren? Sie interessieren sich f\u00fcr Trends in der Hotellerie, Gastronomie und Tourismus? Sie suchen Tipps f\u00fcr Events, Reisen oder Gourmet-Ereignisse? Sie sind Hotelier, Gastronom, Tourismusexperte oder Mitarbeiter im Gastgewerbe und Tourismus und wollen exklusive Informationen als Chefsache? Abonnieren Sie kostenfrei unsere Zeitung <em>Gourmet Classic Journal<\/em> in der Digital Edition. Sie erhalten monatlich eine E-Mail mit einem Link, \u00fcber den Sie sich die aktuelle Ausgabe unserer Zeitung herunterladen k\u00f6nnen.<\/p>\n<p>Bitte geben Sie die folgenden Kontaktinformationen ein, die Informationen werden vertraulich behandelt und nicht an Dritte weitergegeben.<\/p>\n<p><div class=\"tnp tnp-subscription \">\n<form method=\"post\" action=\"https:\/\/www.gourmetclassic.de\/home\/?na=s\">\n<input type=\"hidden\" name=\"nlang\" value=\"\">\n<div class=\"tnp-field tnp-field-firstname\"><label for=\"tnp-1\">Vorname<\/label>\n<input class=\"tnp-name\" type=\"text\" name=\"nn\" id=\"tnp-1\" value=\"\" placeholder=\"\"><\/div>\n<div class=\"tnp-field tnp-field-surname\"><label for=\"tnp-2\">Nachname<\/label>\n<input class=\"tnp-surname\" type=\"text\" name=\"ns\" id=\"tnp-2\" value=\"\" placeholder=\"\"><\/div><div class=\"tnp-field tnp-field-email\"><label for=\"tnp-3\">Email<\/label>\n<input class=\"tnp-email\" type=\"email\" name=\"ne\" id=\"tnp-3\" value=\"\" placeholder=\"\" required><\/div>\n<div class=\"tnp-field tnp-field-gender\"><label for=\"tnp-4\">Ich bin<\/label>\n<select name=\"nx\" class=\"tnp-gender\" id=\"tnp-gender\"><option value=\"n\">Keine Angabe<\/option><option value=\"f\">Frau<\/option><option value=\"m\">Mann<\/option><\/select><\/div>\n<div class=\"tnp-field tnp-privacy-field\"><label><input type=\"checkbox\" name=\"ny\" required class=\"tnp-privacy\"> <a target=\"_blank\" href=\"https:\/\/www.gourmetclassic.de\/home\/datenschutzerklaerung\/\">Indem Sie fortfahren, akzeptieren Sie unsere Datenschutzerkl\u00e4rung.<\/a><\/label><\/div><div class=\"tnp-field tnp-field-button\" style=\"text-align: left\"><input class=\"tnp-submit\" type=\"submit\" value=\"Abonnieren\" style=\"\">\n<\/div>\n<\/form>\n<\/div>\n<\/p>\n","protected":false},"excerpt":{"rendered":"<p>Anmeldung f\u00fcr Abonnement Gourmet Classic Journal Sie m\u00f6chten Neuigkeiten aus der Welt der gehobenen Gastronomie erfahren? Sie interessieren sich f\u00fcr<\/p>\n","protected":false},"author":1,"featured_media":0,"parent":60,"menu_order":0,"comment_status":"closed","ping_status":"closed","template":"","meta":{"footnotes":""},"class_list":["post-58","page","type-page","status-publish","hentry"],"yoast_head":"<!-- This site is optimized with the Yoast SEO plugin v25.6 - https:\/\/yoast.com\/wordpress\/plugins\/seo\/ -->\n<title>Abo Gourmet Classic Journal - Gourmet Classic<\/title>\n<meta name=\"robots\" content=\"index, follow, max-snippet:-1, max-image-preview:large, max-video-preview:-1\" \/>\n<link rel=\"canonical\" href=\"https:\/\/www.gourmetclassic.de\/home\/gourmet-classic-journal\/abo-gourmet-journal\/\" \/>\n<meta property=\"og:locale\" content=\"de_DE\" \/>\n<meta property=\"og:type\" content=\"article\" \/>\n<meta property=\"og:title\" content=\"Abo Gourmet Classic Journal - Gourmet Classic\" \/>\n<meta property=\"og:description\" content=\"Anmeldung f\u00fcr Abonnement Gourmet Classic Journal Sie m\u00f6chten Neuigkeiten aus der Welt der gehobenen Gastronomie erfahren? Sie interessieren sich f\u00fcr\" \/>\n<meta property=\"og:url\" content=\"https:\/\/www.gourmetclassic.de\/home\/gourmet-classic-journal\/abo-gourmet-journal\/\" \/>\n<meta property=\"og:site_name\" content=\"Gourmet Classic\" \/>\n<meta property=\"article:modified_time\" content=\"2020-07-01T11:54:10+00:00\" \/>\n<meta name=\"twitter:card\" content=\"summary_large_image\" \/>\n<meta name=\"twitter:label1\" content=\"Gesch\u00e4tzte Lesezeit\" \/>\n\t<meta name=\"twitter:data1\" content=\"1\u00a0Minute\" \/>\n<script type=\"application\/ld+json\" class=\"yoast-schema-graph\">{\"@context\":\"https:\/\/schema.org\",\"@graph\":[{\"@type\":\"WebPage\",\"@id\":\"https:\/\/www.gourmetclassic.de\/home\/gourmet-classic-journal\/abo-gourmet-journal\/\",\"url\":\"https:\/\/www.gourmetclassic.de\/home\/gourmet-classic-journal\/abo-gourmet-journal\/\",\"name\":\"Abo Gourmet Classic Journal - Gourmet Classic\",\"isPartOf\":{\"@id\":\"https:\/\/www.gourmetclassic.de\/home\/#website\"},\"datePublished\":\"2019-04-10T08:54:12+00:00\",\"dateModified\":\"2020-07-01T11:54:10+00:00\",\"breadcrumb\":{\"@id\":\"https:\/\/www.gourmetclassic.de\/home\/gourmet-classic-journal\/abo-gourmet-journal\/#breadcrumb\"},\"inLanguage\":\"de\",\"potentialAction\":[{\"@type\":\"ReadAction\",\"target\":[\"https:\/\/www.gourmetclassic.de\/home\/gourmet-classic-journal\/abo-gourmet-journal\/\"]}]},{\"@type\":\"BreadcrumbList\",\"@id\":\"https:\/\/www.gourmetclassic.de\/home\/gourmet-classic-journal\/abo-gourmet-journal\/#breadcrumb\",\"itemListElement\":[{\"@type\":\"ListItem\",\"position\":1,\"name\":\"Startseite\",\"item\":\"https:\/\/www.gourmetclassic.de\/home\/\"},{\"@type\":\"ListItem\",\"position\":2,\"name\":\"Gourmet Classic Journal\",\"item\":\"https:\/\/www.gourmetclassic.de\/home\/gourmet-classic-journal\/\"},{\"@type\":\"ListItem\",\"position\":3,\"name\":\"Abo Gourmet Classic Journal\"}]},{\"@type\":\"WebSite\",\"@id\":\"https:\/\/www.gourmetclassic.de\/home\/#website\",\"url\":\"https:\/\/www.gourmetclassic.de\/home\/\",\"name\":\"Gourmet Classic\",\"description\":\"Portal der gehobenen Gastlichkeit\",\"publisher\":{\"@id\":\"https:\/\/www.gourmetclassic.de\/home\/#organization\"},\"potentialAction\":[{\"@type\":\"SearchAction\",\"target\":{\"@type\":\"EntryPoint\",\"urlTemplate\":\"https:\/\/www.gourmetclassic.de\/home\/?s={search_term_string}\"},\"query-input\":{\"@type\":\"PropertyValueSpecification\",\"valueRequired\":true,\"valueName\":\"search_term_string\"}}],\"inLanguage\":\"de\"},{\"@type\":\"Organization\",\"@id\":\"https:\/\/www.gourmetclassic.de\/home\/#organization\",\"name\":\"Gourmet Classic\",\"url\":\"https:\/\/www.gourmetclassic.de\/home\/\",\"logo\":{\"@type\":\"ImageObject\",\"inLanguage\":\"de\",\"@id\":\"https:\/\/www.gourmetclassic.de\/home\/#\/schema\/logo\/image\/\",\"url\":\"https:\/\/www.gourmetclassic.de\/wp-content\/uploads\/2019\/04\/gourmet-classic-logo.jpg\",\"contentUrl\":\"https:\/\/www.gourmetclassic.de\/wp-content\/uploads\/2019\/04\/gourmet-classic-logo.jpg\",\"width\":253,\"height\":123,\"caption\":\"Gourmet Classic\"},\"image\":{\"@id\":\"https:\/\/www.gourmetclassic.de\/home\/#\/schema\/logo\/image\/\"}}]}<\/script>\n<!-- \/ Yoast SEO plugin. -->","yoast_head_json":{"title":"Abo Gourmet Classic Journal - Gourmet Classic","robots":{"index":"index","follow":"follow","max-snippet":"max-snippet:-1","max-image-preview":"max-image-preview:large","max-video-preview":"max-video-preview:-1"},"canonical":"https:\/\/www.gourmetclassic.de\/home\/gourmet-classic-journal\/abo-gourmet-journal\/","og_locale":"de_DE","og_type":"article","og_title":"Abo Gourmet Classic Journal - Gourmet Classic","og_description":"Anmeldung f\u00fcr Abonnement Gourmet Classic Journal Sie m\u00f6chten Neuigkeiten aus der Welt der gehobenen Gastronomie erfahren? Sie interessieren sich f\u00fcr","og_url":"https:\/\/www.gourmetclassic.de\/home\/gourmet-classic-journal\/abo-gourmet-journal\/","og_site_name":"Gourmet Classic","article_modified_time":"2020-07-01T11:54:10+00:00","twitter_card":"summary_large_image","twitter_misc":{"Gesch\u00e4tzte Lesezeit":"1\u00a0Minute"},"schema":{"@context":"https:\/\/schema.org","@graph":[{"@type":"WebPage","@id":"https:\/\/www.gourmetclassic.de\/home\/gourmet-classic-journal\/abo-gourmet-journal\/","url":"https:\/\/www.gourmetclassic.de\/home\/gourmet-classic-journal\/abo-gourmet-journal\/","name":"Abo Gourmet Classic Journal - Gourmet Classic","isPartOf":{"@id":"https:\/\/www.gourmetclassic.de\/home\/#website"},"datePublished":"2019-04-10T08:54:12+00:00","dateModified":"2020-07-01T11:54:10+00:00","breadcrumb":{"@id":"https:\/\/www.gourmetclassic.de\/home\/gourmet-classic-journal\/abo-gourmet-journal\/#breadcrumb"},"inLanguage":"de","potentialAction":[{"@type":"ReadAction","target":["https:\/\/www.gourmetclassic.de\/home\/gourmet-classic-journal\/abo-gourmet-journal\/"]}]},{"@type":"BreadcrumbList","@id":"https:\/\/www.gourmetclassic.de\/home\/gourmet-classic-journal\/abo-gourmet-journal\/#breadcrumb","itemListElement":[{"@type":"ListItem","position":1,"name":"Startseite","item":"https:\/\/www.gourmetclassic.de\/home\/"},{"@type":"ListItem","position":2,"name":"Gourmet Classic Journal","item":"https:\/\/www.gourmetclassic.de\/home\/gourmet-classic-journal\/"},{"@type":"ListItem","position":3,"name":"Abo Gourmet Classic Journal"}]},{"@type":"WebSite","@id":"https:\/\/www.gourmetclassic.de\/home\/#website","url":"https:\/\/www.gourmetclassic.de\/home\/","name":"Gourmet Classic","description":"Portal der gehobenen Gastlichkeit","publisher":{"@id":"https:\/\/www.gourmetclassic.de\/home\/#organization"},"potentialAction":[{"@type":"SearchAction","target":{"@type":"EntryPoint","urlTemplate":"https:\/\/www.gourmetclassic.de\/home\/?s={search_term_string}"},"query-input":{"@type":"PropertyValueSpecification","valueRequired":true,"valueName":"search_term_string"}}],"inLanguage":"de"},{"@type":"Organization","@id":"https:\/\/www.gourmetclassic.de\/home\/#organization","name":"Gourmet Classic","url":"https:\/\/www.gourmetclassic.de\/home\/","logo":{"@type":"ImageObject","inLanguage":"de","@id":"https:\/\/www.gourmetclassic.de\/home\/#\/schema\/logo\/image\/","url":"https:\/\/www.gourmetclassic.de\/wp-content\/uploads\/2019\/04\/gourmet-classic-logo.jpg","contentUrl":"https:\/\/www.gourmetclassic.de\/wp-content\/uploads\/2019\/04\/gourmet-classic-logo.jpg","width":253,"height":123,"caption":"Gourmet Classic"},"image":{"@id":"https:\/\/www.gourmetclassic.de\/home\/#\/schema\/logo\/image\/"}}]}},"_links":{"self":[{"href":"https:\/\/www.gourmetclassic.de\/home\/wp-json\/wp\/v2\/pages\/58"}],"collection":[{"href":"https:\/\/www.gourmetclassic.de\/home\/wp-json\/wp\/v2\/pages"}],"about":[{"href":"https:\/\/www.gourmetclassic.de\/home\/wp-json\/wp\/v2\/types\/page"}],"author":[{"embeddable":true,"href":"https:\/\/www.gourmetclassic.de\/home\/wp-json\/wp\/v2\/users\/1"}],"replies":[{"embeddable":true,"href":"https:\/\/www.gourmetclassic.de\/home\/wp-json\/wp\/v2\/comments?post=58"}],"version-history":[{"count":11,"href":"https:\/\/www.gourmetclassic.de\/home\/wp-json\/wp\/v2\/pages\/58\/revisions"}],"predecessor-version":[{"id":2834,"href":"https:\/\/www.gourmetclassic.de\/home\/wp-json\/wp\/v2\/pages\/58\/revisions\/2834"}],"up":[{"embeddable":true,"href":"https:\/\/www.gourmetclassic.de\/home\/wp-json\/wp\/v2\/pages\/60"}],"wp:attachment":[{"href":"https:\/\/www.gourmetclassic.de\/home\/wp-json\/wp\/v2\/media?parent=58"}],"curies":[{"name":"wp","href":"https:\/\/api.w.org\/{rel}","templated":true}]}}